{"id":2850,"date":"2022-09-18T08:15:15","date_gmt":"2022-09-18T06:15:15","guid":{"rendered":"https:\/\/blog.sy-sy.cz\/?page_id=2850"},"modified":"2024-09-15T11:32:58","modified_gmt":"2024-09-15T09:32:58","slug":"les-acteurs-de-larchitecture-en-terre-crue","status":"publish","type":"page","link":"https:\/\/blog.sy-sy.cz\/index.php\/o-hline\/publikace\/les-acteurs-de-larchitecture-en-terre-crue\/","title":{"rendered":"Les acteurs de l\u2019architecture en terre crue"},"content":{"rendered":"<a href=\"https:\/\/blog.sy-sy.cz\/wp-content\/uploads\/2022\/09\/18ZYROVAlight.pdf\" class=\"pdfemb-viewer\" style=\"\" data-width=\"max\" data-height=\"max\" data-toolbar=\"bottom\" data-toolbar-fixed=\"off\">18ZYROVAlight<\/a>\n<hr \/>\n<ul>\n<li><a href=\"https:\/\/blog.sy-sy.cz\/wp-content\/uploads\/2022\/09\/18ZYROVAlight.pdf\" target=\"_blank\" rel=\"noopener\">Download<\/a><\/li>\n<\/ul>\n<p>Syrov\u00e1, Z. &amp; Syrov\u00fd, J. 2022. Les acteurs de l\u2019architecture en terre crue des r\u00e9gions historiques de la R\u00e9publique tch\u00e8que (xviiie-xxe si\u00e8cles). in \u00c9. Leal, C.-A. de Chazelles, P.\u00a0Devillers (dir.),\u00a0<i>Architecture et construction en terre crue. Approches historiques, sociologiques, et \u00e9conomiques. 5<sup>emes<\/sup>\u00a0\u00e9changes transdisciplinaires sur les constructions en terre crue.\u00a0<\/i>Actes de la table ronde internationale de Montpellier, 23-24 octobre 2019,<i>\u00a0<\/i>Montpellier, \u00e9ditions de l\u2019Esp\u00e9rou, ISBN 978-2-491253-08-0, s. 323-339<\/p>\n","protected":false},"excerpt":{"rendered":"<p>Download Syrov\u00e1, Z. &amp; Syrov\u00fd, J. 2022. Les acteurs de l\u2019architecture en terre crue des r\u00e9gions historiques de la R\u00e9publique tch\u00e8que (xviiie-xxe si\u00e8cles). in \u00c9. Leal, C.-A. de Chazelles, P.\u00a0Devillers [&hellip;]<\/p>\n","protected":false},"author":2,"featured_media":0,"parent":44,"menu_order":0,"comment_status":"closed","ping_status":"closed","template":"","meta":{"jetpack_post_was_ever_published":false,"footnotes":""},"class_list":["post-2850","page","type-page","status-publish","hentry"],"jetpack_shortlink":"https:\/\/wp.me\/P91gAT-JY","jetpack-related-posts":[{"id":44,"url":"https:\/\/blog.sy-sy.cz\/index.php\/o-hline\/publikace\/","url_meta":{"origin":2850,"position":0},"title":"Publikace o&nbsp;hl\u00edn\u011b","author":"Zuzana Syrov\u00e1 An\u00fd\u017eov\u00e1","date":"03\/11\/2014","format":false,"excerpt":"Syrov\u00e1, Z. & Syrov\u00fd, J. 1992. Hlin\u011bn\u00e1 architektura ve Francii. In Zpr\u00e1vy pam\u00e1tkov\u00e9 p\u00e9\u010de 1992\/52, 7: 4\u2013\u201315. Syrov\u00e1 Z., 1993, Renouveau des villages en terre en Moravie, in Comunica\u00e7\u00f5es - 7a confer\u00eancia internacional sobre o estudo e conserva\u00e7\u00e3o da architectura de terra, Lisboa, DGEMN, 237\u2013\u2013243 (PDF) Syrov\u00e1 Z. & Syrov\u00fd\u2026","rel":"","context":"Podobn\u00fd p\u0159\u00edsp\u011bvek","block_context":{"text":"Podobn\u00fd p\u0159\u00edsp\u011bvek","link":""},"img":{"alt_text":"","src":"","width":0,"height":0},"classes":[]},{"id":370,"url":"https:\/\/blog.sy-sy.cz\/index.php\/o-hline\/publikace\/hlina-ve-stavebne-historickych-a-inventarizacnich-pruzkumech-sovamm\/","url_meta":{"origin":2850,"position":1},"title":"Hl\u00edna ve stavebn\u011b historick\u00fdch a&nbsp;inventariza\u010dn\u00edch pr\u016fzkumech SOVAMM","author":"Zuzana Syrov\u00e1 An\u00fd\u017eov\u00e1","date":"29\/12\/2014","format":false,"excerpt":"Spole\u010dnost pro obnovu vesnice a mal\u00e9ho m\u011bsta (SOVAMM) vznikla v roce 1990 jako z\u00e1jmov\u00e9 sdru\u017een\u00ed odborn\u00edk\u016f a z\u00e1jemc\u016f o venkovsk\u00e9 stavitelstv\u00ed. Vernakul\u00e1rn\u00ed (lidovou i stavitelskou) architekturou se zab\u00fdv\u00e1 i z pohledu konstrukc\u00ed a technologi\u00ed. Dlouhodob\u00fdm projektem SOVAMM je Atlas lidov\u00e9 architektury, jeho\u017e vznik umo\u017enily dva stejnojmenn\u00e9 grantov\u00e9 projekty (Ku\u010da &\u2026","rel":"","context":"Podobn\u00fd p\u0159\u00edsp\u011bvek","block_context":{"text":"Podobn\u00fd p\u0159\u00edsp\u011bvek","link":""},"img":{"alt_text":"","src":"https:\/\/i0.wp.com\/blog.sy-sy.cz\/wp-content\/uploads\/2014\/12\/01-1-e1503569600224.jpg?fit=1038%2C721&ssl=1&resize=350%2C200","width":350,"height":200,"srcset":"https:\/\/i0.wp.com\/blog.sy-sy.cz\/wp-content\/uploads\/2014\/12\/01-1-e1503569600224.jpg?fit=1038%2C721&ssl=1&resize=350%2C200 1x, https:\/\/i0.wp.com\/blog.sy-sy.cz\/wp-content\/uploads\/2014\/12\/01-1-e1503569600224.jpg?fit=1038%2C721&ssl=1&resize=525%2C300 1.5x, https:\/\/i0.wp.com\/blog.sy-sy.cz\/wp-content\/uploads\/2014\/12\/01-1-e1503569600224.jpg?fit=1038%2C721&ssl=1&resize=700%2C400 2x"},"classes":[]},{"id":342,"url":"https:\/\/blog.sy-sy.cz\/index.php\/o-gis-a-pagis\/publikace-o-gis-a-pagis\/","url_meta":{"origin":2850,"position":2},"title":"Publikace o&nbsp;GIS a&nbsp;PaGIS","author":"Zuzana Syrov\u00e1 An\u00fd\u017eov\u00e1","date":"29\/12\/2014","format":false,"excerpt":"SYROV\u00c1, Zuzana; SYROV\u00dd, Ji\u0159\u00ed: GIS pro SHP: Jedno\u00fa\u010delov\u00e1 po\u010d\u00edta\u010dov\u011b zpracovan\u00e1 dokumentace versus objektov\u011b orientovan\u00fd GIS | GIS f\u00fcr bauhistorische Untersuchungen. Die einem einzigen Zweck dienende computerbearbeitete Dokumentation versus objektorientiertes GIS. Svorn\u00edk, 4\/2006. ISBN 80-86562-07-7 |\u00a0 ISSN 1802-8128. PDF SYROV\u00c1, Zuzana; SYROV\u00dd, Ji\u0159\u00ed: \u00a0Stavebn\u011b - historick\u00fd pr\u016fzkum s\u00eddla a jeho zpracov\u00e1n\u00ed\u2026","rel":"","context":"Podobn\u00fd p\u0159\u00edsp\u011bvek","block_context":{"text":"Podobn\u00fd p\u0159\u00edsp\u011bvek","link":""},"img":{"alt_text":"","src":"","width":0,"height":0},"classes":[]},{"id":338,"url":"https:\/\/blog.sy-sy.cz\/index.php\/publikace\/","url_meta":{"origin":2850,"position":3},"title":"Publikace","author":"Zuzana Syrov\u00e1 An\u00fd\u017eov\u00e1","date":"29\/12\/2014","format":false,"excerpt":"\u0160KABRADA, Ji\u0159\u00ed a\u00a0SYROV\u00c1, Zuzana.\u00a0D\u016fm \u010dp.\u00a0171 v\u00a0\u010cist\u00e9 u\u00a0Litomy\u0161le. In:\u00a0Archaeologia historica\u00a014, 1989, s. 325\u2014336.\u00a0PDF EDEL Tom\u00e1\u0161, SYROV\u00c1 Zuzana, \u0160KABRADA Ji\u0159\u00ed, Strop jizby domu \u010dp. 33 v Kun\u011bjov\u011b (okres Jind\u0159ich\u016fv Hradec). Pam\u00e1tky a p\u0159\u00edroda 16, 1991, \u010d. 3, s. 153\u2014156. PDF SYROV\u00c1, Zuzana; SYROV\u00dd, Ji\u0159\u00ed: Od posledn\u00ed (?) jizby k prvn\u00ed (?) sv\u011btnici\u2026","rel":"","context":"Podobn\u00fd p\u0159\u00edsp\u011bvek","block_context":{"text":"Podobn\u00fd p\u0159\u00edsp\u011bvek","link":""},"img":{"alt_text":"","src":"","width":0,"height":0},"classes":[]},{"id":2751,"url":"https:\/\/blog.sy-sy.cz\/index.php\/graficka-uprava-knih\/","url_meta":{"origin":2850,"position":4},"title":"Grafick\u00fd design","author":"Zuzana Syrov\u00e1 An\u00fd\u017eov\u00e1","date":"18\/07\/2021","format":false,"excerpt":"\u0160KABRADA, Ji\u0159\u00ed, Zuzana SYROV\u00c1-AN\u00dd\u017dOV\u00c1, et al. Nejstar\u0161\u00ed venkovsk\u00e9 domy ve v\u00fdchodn\u00edch \u010cech\u00e1ch. Vyd\u00e1n\u00ed prvn\u00ed. Pardubice: Univerzita Pardubice, Fakulta filozofick\u00e1; Brno: Spole\u010dnost pro obnovu vesnice a\u00a0mal\u00e9ho m\u011bsta, z. s., 2018.\u00a0512 stran. ISBN 978-80-7560-126-1 (Univerzita Pardubice), 978-80-907440-0-4 (Spole\u010dnost pro obnovu vesnice a\u00a0mal\u00e9ho m\u011bsta, z. s.). Uk\u00e1zka PDF ke sta\u017een\u00ed \u0160KABRADA, Ji\u0159\u00ed a\u00a0kol.\u2026","rel":"","context":"Podobn\u00fd p\u0159\u00edsp\u011bvek","block_context":{"text":"Podobn\u00fd p\u0159\u00edsp\u011bvek","link":""},"img":{"alt_text":"","src":"","width":0,"height":0},"classes":[]},{"id":3218,"url":"https:\/\/blog.sy-sy.cz\/index.php\/o-nas\/ing-arch-zuzana-syrova-anyzova\/","url_meta":{"origin":2850,"position":5},"title":"Ing. arch. Zuzana Syrov\u00e1 An\u00fd\u017eov\u00e1","author":"Zuzana Syrov\u00e1 An\u00fd\u017eov\u00e1","date":"15\/02\/2025","format":false,"excerpt":"Narozena 24.12.1956 v Brn\u011b. Vystudovala v letech 1975-1981 na VUT v Brn\u011b \u2013 obor architektura. V letech 1990 -1991 postgradu\u00e1ln\u00ed studium d\u011bjin architektury na Ecole d\u2019Architecture v Grenoblu (C.E.A.A. 1996). V roce 1992 absolvovala mezin\u00e1rodn\u00ed kurz se zam\u011b\u0159en\u00edm na hlin\u011bnou architekturu CRATerre\/ICCROM. V letech 1998 \u2013 1999 D.E.A. \u2013 Histoire\u2026","rel":"","context":"Podobn\u00fd p\u0159\u00edsp\u011bvek","block_context":{"text":"Podobn\u00fd p\u0159\u00edsp\u011bvek","link":""},"img":{"alt_text":"","src":"","width":0,"height":0},"classes":[]}],"jetpack_sharing_enabled":true,"_links":{"self":[{"href":"https:\/\/blog.sy-sy.cz\/index.php\/wp-json\/wp\/v2\/pages\/2850","targetHints":{"allow":["GET"]}}],"collection":[{"href":"https:\/\/blog.sy-sy.cz\/index.php\/wp-json\/wp\/v2\/pages"}],"about":[{"href":"https:\/\/blog.sy-sy.cz\/index.php\/wp-json\/wp\/v2\/types\/page"}],"author":[{"embeddable":true,"href":"https:\/\/blog.sy-sy.cz\/index.php\/wp-json\/wp\/v2\/users\/2"}],"replies":[{"embeddable":true,"href":"https:\/\/blog.sy-sy.cz\/index.php\/wp-json\/wp\/v2\/comments?post=2850"}],"version-history":[{"count":3,"href":"https:\/\/blog.sy-sy.cz\/index.php\/wp-json\/wp\/v2\/pages\/2850\/revisions"}],"predecessor-version":[{"id":3077,"href":"https:\/\/blog.sy-sy.cz\/index.php\/wp-json\/wp\/v2\/pages\/2850\/revisions\/3077"}],"up":[{"embeddable":true,"href":"https:\/\/blog.sy-sy.cz\/index.php\/wp-json\/wp\/v2\/pages\/44"}],"wp:attachment":[{"href":"https:\/\/blog.sy-sy.cz\/index.php\/wp-json\/wp\/v2\/media?parent=2850"}],"curies":[{"name":"wp","href":"https:\/\/api.w.org\/{rel}","templated":true}]}}

<a href="https://blog.sy-sy.cz/wp-content/uploads/2022/09/18ZYROVAlight.pdf" class="pdfemb-viewer" style="" data-width="max" data-height="max" data-toolbar="bottom" data-toolbar-fixed="off">18ZYROVAlight</a>
<hr />
<ul>
<li><a href="https://blog.sy-sy.cz/wp-content/uploads/2022/09/18ZYROVAlight.pdf" target="_blank" rel="noopener">Download</a></li>
</ul>
<p>Syrová, Z. &amp; Syrový, J. 2022. Les acteurs de l’architecture en terre crue des régions historiques de la République tchèque (xviiie-xxe siècles). in É. Leal, C.-A. de Chazelles, P. Devillers (dir.), <i>Architecture et construction en terre crue. Approches historiques, sociologiques, et économiques. 5<sup>emes</sup> échanges transdisciplinaires sur les constructions en terre crue. </i>Actes de la table ronde internationale de Montpellier, 23-24 octobre 2019,<i> </i>Montpellier, éditions de l’Espérou, ISBN 978-2-491253-08-0, s. 323-339</p>

<p>Download Syrová, Z. &amp; Syrový, J. 2022. Les acteurs de l’architecture en terre crue des régions historiques de la République tchèque (xviiie-xxe siècles). in É. Leal, C.-A. de Chazelles, P. Devillers [&hellip;]</p>

Publikace o&nbsp;hlíně

Zuzana Syrová Anýžová

Syrová, Z. & Syrový, J. 1992. Hliněná architektura ve Francii. In Zprávy památkové péče 1992/52, 7: 4––15. Syrová Z., 1993, Renouveau des villages en terre en Moravie, in Comunicações - 7a conferência internacional sobre o estudo e conservação da architectura de terra, Lisboa, DGEMN, 237––243 (PDF) Syrová Z. & Syrový…

Podobný příspěvek

Hlína ve stavebně historických a&nbsp;inventarizačních průzkumech SOVAMM

Společnost pro obnovu vesnice a malého města (SOVAMM) vznikla v roce 1990 jako zájmové sdružení odborníků a zájemců o venkovské stavitelství. Vernakulární (lidovou i stavitelskou) architekturou se zabývá i z pohledu konstrukcí a technologií. Dlouhodobým projektem SOVAMM je Atlas lidové architektury, jehož vznik umožnily dva stejnojmenné grantové projekty (Kuča &…

SYROVÁ, Zuzana; SYROVÝ, Jiří: GIS pro SHP: Jednoúčelová počítačově zpracovaná dokumentace versus objektově orientovaný GIS | GIS für bauhistorische Untersuchungen. Die einem einzigen Zweck dienende computerbearbeitete Dokumentation versus objektorientiertes GIS. Svorník, 4/2006. ISBN 80-86562-07-7 |  ISSN 1802-8128. PDF SYROVÁ, Zuzana; SYROVÝ, Jiří:  Stavebně - historický průzkum sídla a jeho zpracování…

ŠKABRADA, Jiří a SYROVÁ, Zuzana. Dům čp. 171 v Čisté u Litomyšle. In: Archaeologia historica 14, 1989, s. 325—336. PDF EDEL Tomáš, SYROVÁ Zuzana, ŠKABRADA Jiří, Strop jizby domu čp. 33 v Kunějově (okres Jindřichův Hradec). Památky a příroda 16, 1991, č. 3, s. 153—156. PDF SYROVÁ, Zuzana; SYROVÝ, Jiří: Od poslední (?) jizby k první (?) světnici…

Grafický design

ŠKABRADA, Jiří, Zuzana SYROVÁ-ANÝŽOVÁ, et al. Nejstarší venkovské domy ve východních Čechách. Vydání první. Pardubice: Univerzita Pardubice, Fakulta filozofická; Brno: Společnost pro obnovu vesnice a malého města, z. s., 2018. 512 stran. ISBN 978-80-7560-126-1 (Univerzita Pardubice), 978-80-907440-0-4 (Společnost pro obnovu vesnice a malého města, z. s.). Ukázka PDF ke stažení ŠKABRADA, Jiří a kol.…

Ing. arch. Zuzana Syrová Anýžová

Narozena 24.12.1956 v Brně. Vystudovala v letech 1975-1981 na VUT v Brně – obor architektura. V letech 1990 -1991 postgraduální studium dějin architektury na Ecole d’Architecture v Grenoblu (C.E.A.A. 1996). V roce 1992 absolvovala mezinárodní kurz se zaměřením na hliněnou architekturu CRATerre/ICCROM. V letech 1998 – 1999 D.E.A. – Histoire…
