{"id":3212,"date":"2025-02-15T09:09:54","date_gmt":"2025-02-15T08:09:54","guid":{"rendered":"https:\/\/blog.sy-sy.cz\/?page_id=3212"},"modified":"2025-12-23T07:45:12","modified_gmt":"2025-12-23T06:45:12","slug":"ing-arch-jiri-syrovy","status":"publish","type":"page","link":"https:\/\/blog.sy-sy.cz\/index.php\/o-nas\/ing-arch-jiri-syrovy\/","title":{"rendered":"Ing. arch. Ji\u0159\u00ed Syrov\u00fd"},"content":{"rendered":"<p><i>Narozen 18.&nbsp;9.&nbsp;1955 v&nbsp;Brn\u011b.<br \/>\n<\/i><\/p>\n<p>Vystudoval v&nbsp;letech 1975-1981 na VUT v&nbsp;Brn\u011b \u2013 obor architektura; v&nbsp;roce 1986 tamt\u00e9\u017e postgradu\u00e1ln\u00ed studium v&nbsp;oboru v\u00fdstavnitcv\u00ed. V&nbsp;letech 1990 -1991 postgradu\u00e1ln\u00ed studium d\u011bjin architektury na Ecole d\u2019Architecture v&nbsp;Grenoblu. Specializuje se na pr\u016fzkumy a&nbsp;obnovu pam\u00e1tek a&nbsp;prostorov\u00e9 pl\u00e1nov\u00e1n\u00ed. V&nbsp;letech 2010\u20142022 pracoval rovn\u011b\u017e v&nbsp;N\u00e1rodn\u00edm pam\u00e1tkov\u00e9m \u00fastavu, kde se pod\u00edlel na vytv\u00e1\u0159en\u00ed Integrovan\u00e9ho informa\u010dn\u00edho syst\u00e9mu pam\u00e1tkov\u00e9 p\u00e9\u010de (<a href=\"https:\/\/iispp.npu.cz\" target=\"_blank\" rel=\"noopener\">IISPP<\/a>) a&nbsp;spravoval digit\u00e1ln\u00ed a&nbsp;digitalizovanou odbornou dokumentaci v&nbsp;tzv.&nbsp;Metainforma\u010dn\u00edm syst\u00e9mu (<a href=\"http:\/\/iispp.npu.cz\/mis_public\/homepage.htm\" target=\"_blank\" rel=\"noopener\">MIS<\/a>).<\/p>\n<ul>\n<li>\u010clen\u00a0<a href=\"https:\/\/www.cka.cz\/cs\/spolupracujte-s-architektem\/seznam-architektu\/ing-arch-syrovu-jiri\" target=\"_blank\" rel=\"noopener\">komory architekt\u016f<\/a>.<\/li>\n<li>Zakl\u00e1daj\u00edc\u00ed \u010dlen a\u00a0president\u00a0<a href=\"https:\/\/sovamm.wordpress.com\/\" target=\"_blank\" rel=\"noopener noreferrer\">Spole\u010dnosti pro obnovu vesnice a&nbsp;mal\u00e9ho m\u011bsta, z.s.<\/a><br \/>\n(<a href=\"https:\/\/sovamm.wordpress.com\/who-is-who\/jiri-syrovy\/\" target=\"_blank\" rel=\"noopener noreferrer\">Who is who in SOVAMM<\/a>)<\/li>\n<\/ul>\n<ul>\n<li><em><a href=\"https:\/\/blog.sy-sy.cz\/index.php\/o-nas\/projekty-a-pruzkumy\/\">Projekty a&nbsp;pr\u016fzkumy<\/a>,<br \/>\n<\/em><\/li>\n<li><em><a href=\"https:\/\/blog.sy-sy.cz\/index.php\/o-nas\/publikace\/\">Publikace,\u00a0<\/a> <i><br \/>\n<\/i><\/em><\/li>\n<li><em><i><a href=\"http:\/\/blog.sy-sy.cz\/index.php\/o-hline\/publikace\/\" rel=\"noopener\">Publikace o&nbsp;hl\u00edn\u011b<\/a><br \/>\n<\/i><\/em><\/li>\n<li><em><i><a href=\"http:\/\/blog.sy-sy.cz\/index.php\/o-gis-a-pagis\/publikace-o-gis-a-pagis\/\" rel=\"noopener\">Publikace o&nbsp;GIS a&nbsp;PaGIS<\/a><\/i><\/em><\/li>\n<\/ul>\n<p>N\u00e1rodn\u00ed autority \u010cR:\u00a0<a href=\"http:\/\/aleph.nkp.cz\/F\/?local_base=aut&amp;func=find-c&amp;ccl_term=ica=jo2014830041\">jo2014830041<\/a><\/p>\n","protected":false},"excerpt":{"rendered":"<p>Narozen 18.&nbsp;9.&nbsp;1955 v&nbsp;Brn\u011b. Vystudoval v&nbsp;letech 1975-1981 na VUT v&nbsp;Brn\u011b \u2013 obor architektura; v&nbsp;roce 1986 tamt\u00e9\u017e postgradu\u00e1ln\u00ed studium v&nbsp;oboru v\u00fdstavnitcv\u00ed. V&nbsp;letech 1990 -1991 postgradu\u00e1ln\u00ed studium d\u011bjin architektury na Ecole d\u2019Architecture v&nbsp;Grenoblu. [&hellip;]<\/p>\n","protected":false},"author":2,"featured_media":0,"parent":32,"menu_order":0,"comment_status":"closed","ping_status":"closed","template":"","meta":{"jetpack_post_was_ever_published":false,"footnotes":""},"class_list":["post-3212","page","type-page","status-publish","hentry"],"jetpack_shortlink":"https:\/\/wp.me\/P91gAT-PO","jetpack-related-posts":[{"id":3218,"url":"https:\/\/blog.sy-sy.cz\/index.php\/o-nas\/ing-arch-zuzana-syrova-anyzova\/","url_meta":{"origin":3212,"position":0},"title":"Ing. arch. Zuzana Syrov\u00e1 An\u00fd\u017eov\u00e1","author":"Zuzana Syrov\u00e1 An\u00fd\u017eov\u00e1","date":"15\/02\/2025","format":false,"excerpt":"Narozena 24.12.1956 v Brn\u011b. Vystudovala v letech 1975-1981 na VUT v Brn\u011b \u2013 obor architektura. V letech 1990 -1991 postgradu\u00e1ln\u00ed studium d\u011bjin architektury na Ecole d\u2019Architecture v Grenoblu (C.E.A.A. 1996). V roce 1992 absolvovala mezin\u00e1rodn\u00ed kurz se zam\u011b\u0159en\u00edm na hlin\u011bnou architekturu CRATerre\/ICCROM. V letech 1998 \u2013 1999 D.E.A. \u2013 Histoire\u2026","rel":"","context":"Podobn\u00fd p\u0159\u00edsp\u011bvek","block_context":{"text":"Podobn\u00fd p\u0159\u00edsp\u011bvek","link":""},"img":{"alt_text":"","src":"","width":0,"height":0},"classes":[]},{"id":32,"url":"https:\/\/blog.sy-sy.cz\/index.php\/o-nas\/","url_meta":{"origin":3212,"position":1},"title":"O n\u00e1s","author":"Zuzana Syrov\u00e1 An\u00fd\u017eov\u00e1","date":"03\/11\/2014","format":false,"excerpt":"Specializujeme se na \u00fazemn\u00ed a regula\u010dn\u00ed pl\u00e1ny, stavebn\u011b historick\u00e9 pr\u016fzkumy a souvisej\u00edc\u00ed projekty obnovy, stavebn\u011b historick\u00e9 a inventariza\u010dn\u00ed pr\u016fzkumy s\u00eddel a \u00fazem\u00ed, GIS. Syrov\u00fd a Syrov\u00e1, architekti v datech: 1980 - za\u010d\u00e1tek spolupr\u00e1ce (sout\u011b\u017ee, pr\u016fzkumy lidov\u00e9 \/ vernakul\u00e1rn\u00ed architektury) 1990 - zalo\u017een\u00ed architektonick\u00e9 kancel\u00e1\u0159e 1994 - za\u010d\u00e1tek v\u00fdvoje GIS pro\u2026","rel":"","context":"Podobn\u00fd p\u0159\u00edsp\u011bvek","block_context":{"text":"Podobn\u00fd p\u0159\u00edsp\u011bvek","link":""},"img":{"alt_text":"","src":"https:\/\/i0.wp.com\/blog.sy-sy.cz\/wp-content\/uploads\/2019\/01\/Addiss_19910411_02oBW-e1546423847515.jpg?fit=1038%2C766&ssl=1&resize=350%2C200","width":350,"height":200,"srcset":"https:\/\/i0.wp.com\/blog.sy-sy.cz\/wp-content\/uploads\/2019\/01\/Addiss_19910411_02oBW-e1546423847515.jpg?fit=1038%2C766&ssl=1&resize=350%2C200 1x, https:\/\/i0.wp.com\/blog.sy-sy.cz\/wp-content\/uploads\/2019\/01\/Addiss_19910411_02oBW-e1546423847515.jpg?fit=1038%2C766&ssl=1&resize=525%2C300 1.5x, https:\/\/i0.wp.com\/blog.sy-sy.cz\/wp-content\/uploads\/2019\/01\/Addiss_19910411_02oBW-e1546423847515.jpg?fit=1038%2C766&ssl=1&resize=700%2C400 2x"},"classes":[]},{"id":370,"url":"https:\/\/blog.sy-sy.cz\/index.php\/o-hline\/publikace\/hlina-ve-stavebne-historickych-a-inventarizacnich-pruzkumech-sovamm\/","url_meta":{"origin":3212,"position":2},"title":"Hl\u00edna ve stavebn\u011b historick\u00fdch a&nbsp;inventariza\u010dn\u00edch pr\u016fzkumech SOVAMM","author":"Zuzana Syrov\u00e1 An\u00fd\u017eov\u00e1","date":"29\/12\/2014","format":false,"excerpt":"Spole\u010dnost pro obnovu vesnice a mal\u00e9ho m\u011bsta (SOVAMM) vznikla v roce 1990 jako z\u00e1jmov\u00e9 sdru\u017een\u00ed odborn\u00edk\u016f a z\u00e1jemc\u016f o venkovsk\u00e9 stavitelstv\u00ed. Vernakul\u00e1rn\u00ed (lidovou i stavitelskou) architekturou se zab\u00fdv\u00e1 i z pohledu konstrukc\u00ed a technologi\u00ed. Dlouhodob\u00fdm projektem SOVAMM je Atlas lidov\u00e9 architektury, jeho\u017e vznik umo\u017enily dva stejnojmenn\u00e9 grantov\u00e9 projekty (Ku\u010da &\u2026","rel":"","context":"Podobn\u00fd p\u0159\u00edsp\u011bvek","block_context":{"text":"Podobn\u00fd p\u0159\u00edsp\u011bvek","link":""},"img":{"alt_text":"","src":"https:\/\/i0.wp.com\/blog.sy-sy.cz\/wp-content\/uploads\/2014\/12\/01-1-e1503569600224.jpg?fit=1038%2C721&ssl=1&resize=350%2C200","width":350,"height":200,"srcset":"https:\/\/i0.wp.com\/blog.sy-sy.cz\/wp-content\/uploads\/2014\/12\/01-1-e1503569600224.jpg?fit=1038%2C721&ssl=1&resize=350%2C200 1x, https:\/\/i0.wp.com\/blog.sy-sy.cz\/wp-content\/uploads\/2014\/12\/01-1-e1503569600224.jpg?fit=1038%2C721&ssl=1&resize=525%2C300 1.5x, https:\/\/i0.wp.com\/blog.sy-sy.cz\/wp-content\/uploads\/2014\/12\/01-1-e1503569600224.jpg?fit=1038%2C721&ssl=1&resize=700%2C400 2x"},"classes":[]},{"id":2751,"url":"https:\/\/blog.sy-sy.cz\/index.php\/graficka-uprava-knih\/","url_meta":{"origin":3212,"position":3},"title":"Grafick\u00fd design","author":"Zuzana Syrov\u00e1 An\u00fd\u017eov\u00e1","date":"18\/07\/2021","format":false,"excerpt":"\u0160KABRADA, Ji\u0159\u00ed, Zuzana SYROV\u00c1-AN\u00dd\u017dOV\u00c1, et al. Nejstar\u0161\u00ed venkovsk\u00e9 domy ve v\u00fdchodn\u00edch \u010cech\u00e1ch. Vyd\u00e1n\u00ed prvn\u00ed. Pardubice: Univerzita Pardubice, Fakulta filozofick\u00e1; Brno: Spole\u010dnost pro obnovu vesnice a\u00a0mal\u00e9ho m\u011bsta, z. s., 2018.\u00a0512 stran. ISBN 978-80-7560-126-1 (Univerzita Pardubice), 978-80-907440-0-4 (Spole\u010dnost pro obnovu vesnice a\u00a0mal\u00e9ho m\u011bsta, z. s.). Uk\u00e1zka PDF ke sta\u017een\u00ed \u0160KABRADA, Ji\u0159\u00ed a\u00a0kol.\u2026","rel":"","context":"Podobn\u00fd p\u0159\u00edsp\u011bvek","block_context":{"text":"Podobn\u00fd p\u0159\u00edsp\u011bvek","link":""},"img":{"alt_text":"","src":"","width":0,"height":0},"classes":[]},{"id":40,"url":"https:\/\/blog.sy-sy.cz\/index.php\/projekty-a-pruzkumy\/","url_meta":{"origin":3212,"position":4},"title":"Projekty a&nbsp;pr\u016fzkumy","author":"Zuzana Syrov\u00e1 An\u00fd\u017eov\u00e1","date":"03\/11\/2014","format":false,"excerpt":"inventariza\u010dn\u00ed pr\u016fzkumy lidov\u00e9 architektury Chr\u00e1n\u011bn\u00e9 krajinn\u00e9 oblasti Jesen\u00edky * N\u00e1rodn\u00edho parku Krkono\u0161e * N\u00e1rodn\u00edho parku Podyj\u00ed a jeho ochrann\u00e9ho p\u00e1sma * Chr\u00e1n\u011bn\u00e9 krajinn\u00e9 oblasti B\u00edl\u00e9 Karpaty pr\u016fzkumy pro projekty obnovy vesnice: MPR \u0160tramberk (NJ) * Sudom\u011b\u0159ice, Dambo\u0159ice, Petrov, N\u011bm\u010di\u010dky a Lipov (HO) * Sedlec a Hlohovec (BV) * Jarom\u011b\u0159ice, Rychnov\u2026","rel":"","context":"Podobn\u00fd p\u0159\u00edsp\u011bvek","block_context":{"text":"Podobn\u00fd p\u0159\u00edsp\u011bvek","link":""},"img":{"alt_text":"","src":"","width":0,"height":0},"classes":[]},{"id":338,"url":"https:\/\/blog.sy-sy.cz\/index.php\/publikace\/","url_meta":{"origin":3212,"position":5},"title":"Publikace","author":"Zuzana Syrov\u00e1 An\u00fd\u017eov\u00e1","date":"29\/12\/2014","format":false,"excerpt":"\u0160KABRADA, Ji\u0159\u00ed a\u00a0SYROV\u00c1, Zuzana.\u00a0D\u016fm \u010dp.\u00a0171 v\u00a0\u010cist\u00e9 u\u00a0Litomy\u0161le. In:\u00a0Archaeologia historica\u00a014, 1989, s. 325\u2014336.\u00a0PDF EDEL Tom\u00e1\u0161, SYROV\u00c1 Zuzana, \u0160KABRADA Ji\u0159\u00ed, Strop jizby domu \u010dp. 33 v Kun\u011bjov\u011b (okres Jind\u0159ich\u016fv Hradec). Pam\u00e1tky a p\u0159\u00edroda 16, 1991, \u010d. 3, s. 153\u2014156. PDF SYROV\u00c1, Zuzana; SYROV\u00dd, Ji\u0159\u00ed: Od posledn\u00ed (?) jizby k prvn\u00ed (?) sv\u011btnici\u2026","rel":"","context":"Podobn\u00fd p\u0159\u00edsp\u011bvek","block_context":{"text":"Podobn\u00fd p\u0159\u00edsp\u011bvek","link":""},"img":{"alt_text":"","src":"","width":0,"height":0},"classes":[]}],"jetpack_sharing_enabled":true,"_links":{"self":[{"href":"https:\/\/blog.sy-sy.cz\/index.php\/wp-json\/wp\/v2\/pages\/3212","targetHints":{"allow":["GET"]}}],"collection":[{"href":"https:\/\/blog.sy-sy.cz\/index.php\/wp-json\/wp\/v2\/pages"}],"about":[{"href":"https:\/\/blog.sy-sy.cz\/index.php\/wp-json\/wp\/v2\/types\/page"}],"author":[{"embeddable":true,"href":"https:\/\/blog.sy-sy.cz\/index.php\/wp-json\/wp\/v2\/users\/2"}],"replies":[{"embeddable":true,"href":"https:\/\/blog.sy-sy.cz\/index.php\/wp-json\/wp\/v2\/comments?post=3212"}],"version-history":[{"count":4,"href":"https:\/\/blog.sy-sy.cz\/index.php\/wp-json\/wp\/v2\/pages\/3212\/revisions"}],"predecessor-version":[{"id":3694,"href":"https:\/\/blog.sy-sy.cz\/index.php\/wp-json\/wp\/v2\/pages\/3212\/revisions\/3694"}],"up":[{"embeddable":true,"href":"https:\/\/blog.sy-sy.cz\/index.php\/wp-json\/wp\/v2\/pages\/32"}],"wp:attachment":[{"href":"https:\/\/blog.sy-sy.cz\/index.php\/wp-json\/wp\/v2\/media?parent=3212"}],"curies":[{"name":"wp","href":"https:\/\/api.w.org\/{rel}","templated":true}]}}

Ing. arch. Jiří Syrový

<p><i>Narozen 18.&nbsp;9.&nbsp;1955 v&nbsp;Brně.<br />
</i></p>
<p>Vystudoval v&nbsp;letech 1975-1981 na VUT v&nbsp;Brně – obor architektura; v&nbsp;roce 1986 tamtéž postgraduální studium v&nbsp;oboru výstavnitcví. V&nbsp;letech 1990 -1991 postgraduální studium dějin architektury na Ecole d’Architecture v&nbsp;Grenoblu. Specializuje se na průzkumy a&nbsp;obnovu památek a&nbsp;prostorové plánování. V&nbsp;letech 2010—2022 pracoval rovněž v&nbsp;Národním památkovém ústavu, kde se podílel na vytváření Integrovaného informačního systému památkové péče (<a href="https://iispp.npu.cz" target="_blank" rel="noopener">IISPP</a>) a&nbsp;spravoval digitální a&nbsp;digitalizovanou odbornou dokumentaci v&nbsp;tzv.&nbsp;Metainformačním systému (<a href="http://iispp.npu.cz/mis_public/homepage.htm" target="_blank" rel="noopener">MIS</a>).</p>
<ul>
<li>Člen <a href="https://www.cka.cz/cs/spolupracujte-s-architektem/seznam-architektu/ing-arch-syrovu-jiri" target="_blank" rel="noopener">komory architektů</a>.</li>
<li>Zakládající člen a president <a href="https://sovamm.wordpress.com/" target="_blank" rel="noopener noreferrer">Společnosti pro obnovu vesnice a&nbsp;malého města, z.s.</a><br />
(<a href="https://sovamm.wordpress.com/who-is-who/jiri-syrovy/" target="_blank" rel="noopener noreferrer">Who is who in SOVAMM</a>)</li>
</ul>
<ul>
<li><em><a href="https://blog.sy-sy.cz/index.php/o-nas/projekty-a-pruzkumy/">Projekty a&nbsp;průzkumy</a>,<br />
</em></li>
<li><em><a href="https://blog.sy-sy.cz/index.php/o-nas/publikace/">Publikace, </a> <i><br />
</i></em></li>
<li><em><i><a href="http://blog.sy-sy.cz/index.php/o-hline/publikace/" rel="noopener">Publikace o&nbsp;hlíně</a><br />
</i></em></li>
<li><em><i><a href="http://blog.sy-sy.cz/index.php/o-gis-a-pagis/publikace-o-gis-a-pagis/" rel="noopener">Publikace o&nbsp;GIS a&nbsp;PaGIS</a></i></em></li>
</ul>
<p>Národní autority ČR: <a href="http://aleph.nkp.cz/F/?local_base=aut&amp;func=find-c&amp;ccl_term=ica=jo2014830041">jo2014830041</a></p>

<p>Narozen 18.&nbsp;9.&nbsp;1955 v&nbsp;Brně. Vystudoval v&nbsp;letech 1975-1981 na VUT v&nbsp;Brně – obor architektura; v&nbsp;roce 1986 tamtéž postgraduální studium v&nbsp;oboru výstavnitcví. V&nbsp;letech 1990 -1991 postgraduální studium dějin architektury na Ecole d’Architecture v&nbsp;Grenoblu. [&hellip;]</p>

Ing. arch. Zuzana Syrová Anýžová

Zuzana Syrová Anýžová

Narozena 24.12.1956 v Brně. Vystudovala v letech 1975-1981 na VUT v Brně – obor architektura. V letech 1990 -1991 postgraduální studium dějin architektury na Ecole d’Architecture v Grenoblu (C.E.A.A. 1996). V roce 1992 absolvovala mezinárodní kurz se zaměřením na hliněnou architekturu CRATerre/ICCROM. V letech 1998 – 1999 D.E.A. – Histoire…

Podobný příspěvek

O nás

Specializujeme se na územní a regulační plány, stavebně historické průzkumy a související projekty obnovy, stavebně historické a inventarizační průzkumy sídel a území, GIS. Syrový a Syrová, architekti v datech: 1980 - začátek spolupráce (soutěže, průzkumy lidové / vernakulární architektury) 1990 - založení architektonické kanceláře 1994 - začátek vývoje GIS pro…

Hlína ve stavebně historických a&nbsp;inventarizačních průzkumech SOVAMM

Společnost pro obnovu vesnice a malého města (SOVAMM) vznikla v roce 1990 jako zájmové sdružení odborníků a zájemců o venkovské stavitelství. Vernakulární (lidovou i stavitelskou) architekturou se zabývá i z pohledu konstrukcí a technologií. Dlouhodobým projektem SOVAMM je Atlas lidové architektury, jehož vznik umožnily dva stejnojmenné grantové projekty (Kuča &…

Grafický design

ŠKABRADA, Jiří, Zuzana SYROVÁ-ANÝŽOVÁ, et al. Nejstarší venkovské domy ve východních Čechách. Vydání první. Pardubice: Univerzita Pardubice, Fakulta filozofická; Brno: Společnost pro obnovu vesnice a malého města, z. s., 2018. 512 stran. ISBN 978-80-7560-126-1 (Univerzita Pardubice), 978-80-907440-0-4 (Společnost pro obnovu vesnice a malého města, z. s.). Ukázka PDF ke stažení ŠKABRADA, Jiří a kol.…

Projekty a&nbsp;průzkumy

inventarizační průzkumy lidové architektury Chráněné krajinné oblasti Jeseníky * Národního parku Krkonoše * Národního parku Podyjí a jeho ochranného pásma * Chráněné krajinné oblasti Bílé Karpaty průzkumy pro projekty obnovy vesnice: MPR Štramberk (NJ) * Sudoměřice, Dambořice, Petrov, Němčičky a Lipov (HO) * Sedlec a Hlohovec (BV) * Jaroměřice, Rychnov…

ŠKABRADA, Jiří a SYROVÁ, Zuzana. Dům čp. 171 v Čisté u Litomyšle. In: Archaeologia historica 14, 1989, s. 325—336. PDF EDEL Tomáš, SYROVÁ Zuzana, ŠKABRADA Jiří, Strop jizby domu čp. 33 v Kunějově (okres Jindřichův Hradec). Památky a příroda 16, 1991, č. 3, s. 153—156. PDF SYROVÁ, Zuzana; SYROVÝ, Jiří: Od poslední (?) jizby k první (?) světnici…
