{"id":3218,"date":"2025-02-15T09:11:06","date_gmt":"2025-02-15T08:11:06","guid":{"rendered":"https:\/\/blog.sy-sy.cz\/?page_id=3218"},"modified":"2026-03-27T22:58:21","modified_gmt":"2026-03-27T21:58:21","slug":"ing-arch-zuzana-syrova-anyzova","status":"publish","type":"page","link":"https:\/\/blog.sy-sy.cz\/index.php\/o-nas\/ing-arch-zuzana-syrova-anyzova\/","title":{"rendered":"Ing. arch. Zuzana Syrov\u00e1 An\u00fd\u017eov\u00e1"},"content":{"rendered":"<p><i>Narozena 24.12.1956 v&nbsp;Brn\u011b.<br \/>\n<\/i><\/p>\n<p>Vystudovala v&nbsp;letech 1975-1981 na VUT v&nbsp;Brn\u011b \u2013 obor architektura. V&nbsp;letech 1990 -1991 postgradu\u00e1ln\u00ed studium d\u011bjin architektury na Ecole d\u2019Architecture v&nbsp;Grenoblu (C.E.A.A. 1996). V&nbsp;roce 1992 absolvovala mezin\u00e1rodn\u00ed kurz se zam\u011b\u0159en\u00edm na hlin\u011bnou architekturu CRATerre\/ICCROM. V&nbsp;letech 1998 \u2013 1999 D.E.A. \u2013 Histoire socio-culturelle, Ecole d\u2019Architecture de Versailles \/ Universit\u00e9 de Versailles Saint \u2013 Quentin \u2013 en \u2013 Yvelines. Od r. 1988 pracuje rovn\u011b\u017e v&nbsp;NP\u00da (d\u0159\u00edve S\u00daPP(OP)), kde p\u016fsobila jako specialista na lidovou architekturu a&nbsp;vesnick\u00e1 s\u00eddla, od r. 2001 rovn\u011b\u017e jako specialista GIS. Pod\u00edl\u00ed na vytv\u00e1\u0159en\u00ed Integrovan\u00e9ho informa\u010dn\u00edho syst\u00e9mu pam\u00e1tkov\u00e9 p\u00e9\u010de (<a href=\"https:\/\/iispp.npu.cz\" target=\"_blank\" rel=\"noopener noreferrer\">IISPP<\/a>) a&nbsp;zejm\u00e9na jeho GIS \u010d\u00e1sti (oborov\u00e9ho GIS \u2013\u00a0<a href=\"https:\/\/pagis.npu.cz\/wordpress\/o-pagis\/\" target=\"_blank\" rel=\"noopener noreferrer\">PaGIS<\/a>). V&nbsp;letech 2013\u20142022 vedla odd\u011blen\u00ed GIS Gn\u0158 NP\u00da.<\/p>\n<ul>\n<li>\u010clen\u00a0<a href=\"http:\/\/www.svornik.cz\/\">Sdru\u017een\u00ed pro stavebn\u011bhistorick\u00fd pr\u016fzkum<\/a>,<\/li>\n<li><span lang=\"CS\">\u010clen\u00a0<a href=\"https:\/\/icomos.cz\/\">\u010cesk\u00e9ho n\u00e1rodn\u00edho komit\u00e9tu ICOMOS<\/a>,<\/span><\/li>\n<li><span lang=\"CS\">\u010clen mezin\u00e1rodn\u00edho komit\u00e9tu ICOMOS pro hlin\u011bn\u00e9 architektonick\u00e9 d\u011bdictv\u00ed\u00a0<a href=\"http:\/\/isceah.icomos.org\/\">ISCEAH<\/a><br \/>\n(2004-2014 \u010dlen \u0159\u00edd\u00edc\u00edho v\u00fdboru tohoto komit\u00e9tu),<\/span><\/li>\n<li>Zakl\u00e1daj\u00edc\u00ed \u010dlen, sekret\u00e1\u0159 a\u00a0tajn\u00fd v\u011bdeck\u00fd rada\u00a0<a href=\"https:\/\/sovamm.wordpress.com\/\" target=\"_blank\" rel=\"noopener noreferrer\">Spole\u010dnosti pro obnovu vesnice a&nbsp;mal\u00e9ho m\u011bsta, z.s.,<\/a> (<a href=\"https:\/\/sovamm.wordpress.com\/who-is-who\/zuzana-syrova-anyzova\/\" target=\"_blank\" rel=\"noopener noreferrer\">Who is who in SOVAMM<\/a>)<\/li>\n<\/ul>\n<ul>\n<li><em><a href=\"https:\/\/blog.sy-sy.cz\/index.php\/o-nas\/projekty-a-pruzkumy\/\">Projekty a&nbsp;pr\u016fzkumy<\/a>,<br \/>\n<\/em><\/li>\n<li><em><a href=\"https:\/\/blog.sy-sy.cz\/index.php\/o-nas\/publikace\/\">Publikace,\u00a0<\/a> <i><br \/>\n<\/i><\/em><\/li>\n<li><em><i><a href=\"http:\/\/blog.sy-sy.cz\/index.php\/o-hline\/publikace\/\" rel=\"noopener\">Publikace o&nbsp;hl\u00edn\u011b<\/a><br \/>\n<\/i><\/em><\/li>\n<li><em><i><a href=\"http:\/\/blog.sy-sy.cz\/index.php\/o-gis-a-pagis\/publikace-o-gis-a-pagis\/\" rel=\"noopener\">Publikace o&nbsp;GIS a&nbsp;PaGIS<\/a><\/i><\/em><\/li>\n<li><a href=\"https:\/\/blog.sy-sy.cz\/index.php\/o-nas\/graficka-uprava-knih\/\"><em>Grafick\u00fd design<\/em><\/a><\/li>\n<\/ul>\n<p>N\u00e1rodn\u00ed autority \u010cR<i>:\u00a0<a href=\"http:\/\/aleph.nkp.cz\/F\/?local_base=aut&amp;func=find-c&amp;ccl_term=ica=jo2014830043\">jo2014830041<\/a><\/i><\/p>\n","protected":false},"excerpt":{"rendered":"<p>Narozena 24.12.1956 v&nbsp;Brn\u011b. Vystudovala v&nbsp;letech 1975-1981 na VUT v&nbsp;Brn\u011b \u2013 obor architektura. V&nbsp;letech 1990 -1991 postgradu\u00e1ln\u00ed studium d\u011bjin architektury na Ecole d\u2019Architecture v&nbsp;Grenoblu (C.E.A.A. 1996). V&nbsp;roce 1992 absolvovala mezin\u00e1rodn\u00ed kurz [&hellip;]<\/p>\n","protected":false},"author":2,"featured_media":0,"parent":32,"menu_order":0,"comment_status":"closed","ping_status":"closed","template":"","meta":{"jetpack_post_was_ever_published":false,"footnotes":""},"class_list":["post-3218","page","type-page","status-publish","hentry"],"jetpack_shortlink":"https:\/\/wp.me\/P91gAT-PU","jetpack-related-posts":[{"id":3212,"url":"https:\/\/blog.sy-sy.cz\/index.php\/o-nas\/ing-arch-jiri-syrovy\/","url_meta":{"origin":3218,"position":0},"title":"Ing. arch. Ji\u0159\u00ed Syrov\u00fd","author":"Zuzana Syrov\u00e1 An\u00fd\u017eov\u00e1","date":"15\/02\/2025","format":false,"excerpt":"Narozen 18. 9. 1955 v Brn\u011b. Vystudoval v letech 1975-1981 na VUT v Brn\u011b \u2013 obor architektura; v roce 1986 tamt\u00e9\u017e postgradu\u00e1ln\u00ed studium v oboru v\u00fdstavnitcv\u00ed. V letech 1990 -1991 postgradu\u00e1ln\u00ed studium d\u011bjin architektury na Ecole d\u2019Architecture v Grenoblu. Specializuje se na pr\u016fzkumy a obnovu pam\u00e1tek a prostorov\u00e9 pl\u00e1nov\u00e1n\u00ed. V\u2026","rel":"","context":"Podobn\u00fd p\u0159\u00edsp\u011bvek","block_context":{"text":"Podobn\u00fd p\u0159\u00edsp\u011bvek","link":""},"img":{"alt_text":"","src":"","width":0,"height":0},"classes":[]},{"id":32,"url":"https:\/\/blog.sy-sy.cz\/index.php\/o-nas\/","url_meta":{"origin":3218,"position":1},"title":"O n\u00e1s","author":"Zuzana Syrov\u00e1 An\u00fd\u017eov\u00e1","date":"03\/11\/2014","format":false,"excerpt":"Specializujeme se na \u00fazemn\u00ed a regula\u010dn\u00ed pl\u00e1ny, stavebn\u011b historick\u00e9 pr\u016fzkumy a souvisej\u00edc\u00ed projekty obnovy, stavebn\u011b historick\u00e9 a inventariza\u010dn\u00ed pr\u016fzkumy s\u00eddel a \u00fazem\u00ed, GIS. Syrov\u00fd a Syrov\u00e1, architekti v datech: 1980 - za\u010d\u00e1tek spolupr\u00e1ce (sout\u011b\u017ee, pr\u016fzkumy lidov\u00e9 \/ vernakul\u00e1rn\u00ed architektury) 1990 - zalo\u017een\u00ed architektonick\u00e9 kancel\u00e1\u0159e 1994 - za\u010d\u00e1tek v\u00fdvoje GIS pro\u2026","rel":"","context":"Podobn\u00fd p\u0159\u00edsp\u011bvek","block_context":{"text":"Podobn\u00fd p\u0159\u00edsp\u011bvek","link":""},"img":{"alt_text":"","src":"https:\/\/i0.wp.com\/blog.sy-sy.cz\/wp-content\/uploads\/2019\/01\/Addiss_19910411_02oBW-e1546423847515.jpg?fit=1038%2C766&ssl=1&resize=350%2C200","width":350,"height":200,"srcset":"https:\/\/i0.wp.com\/blog.sy-sy.cz\/wp-content\/uploads\/2019\/01\/Addiss_19910411_02oBW-e1546423847515.jpg?fit=1038%2C766&ssl=1&resize=350%2C200 1x, https:\/\/i0.wp.com\/blog.sy-sy.cz\/wp-content\/uploads\/2019\/01\/Addiss_19910411_02oBW-e1546423847515.jpg?fit=1038%2C766&ssl=1&resize=525%2C300 1.5x, https:\/\/i0.wp.com\/blog.sy-sy.cz\/wp-content\/uploads\/2019\/01\/Addiss_19910411_02oBW-e1546423847515.jpg?fit=1038%2C766&ssl=1&resize=700%2C400 2x"},"classes":[]},{"id":370,"url":"https:\/\/blog.sy-sy.cz\/index.php\/o-hline\/publikace\/hlina-ve-stavebne-historickych-a-inventarizacnich-pruzkumech-sovamm\/","url_meta":{"origin":3218,"position":2},"title":"Hl\u00edna ve stavebn\u011b historick\u00fdch a&nbsp;inventariza\u010dn\u00edch pr\u016fzkumech SOVAMM","author":"Zuzana Syrov\u00e1 An\u00fd\u017eov\u00e1","date":"29\/12\/2014","format":false,"excerpt":"Spole\u010dnost pro obnovu vesnice a mal\u00e9ho m\u011bsta (SOVAMM) vznikla v roce 1990 jako z\u00e1jmov\u00e9 sdru\u017een\u00ed odborn\u00edk\u016f a z\u00e1jemc\u016f o venkovsk\u00e9 stavitelstv\u00ed. Vernakul\u00e1rn\u00ed (lidovou i stavitelskou) architekturou se zab\u00fdv\u00e1 i z pohledu konstrukc\u00ed a technologi\u00ed. Dlouhodob\u00fdm projektem SOVAMM je Atlas lidov\u00e9 architektury, jeho\u017e vznik umo\u017enily dva stejnojmenn\u00e9 grantov\u00e9 projekty (Ku\u010da &\u2026","rel":"","context":"Podobn\u00fd p\u0159\u00edsp\u011bvek","block_context":{"text":"Podobn\u00fd p\u0159\u00edsp\u011bvek","link":""},"img":{"alt_text":"","src":"https:\/\/i0.wp.com\/blog.sy-sy.cz\/wp-content\/uploads\/2014\/12\/01-1-e1503569600224.jpg?fit=1038%2C721&ssl=1&resize=350%2C200","width":350,"height":200,"srcset":"https:\/\/i0.wp.com\/blog.sy-sy.cz\/wp-content\/uploads\/2014\/12\/01-1-e1503569600224.jpg?fit=1038%2C721&ssl=1&resize=350%2C200 1x, https:\/\/i0.wp.com\/blog.sy-sy.cz\/wp-content\/uploads\/2014\/12\/01-1-e1503569600224.jpg?fit=1038%2C721&ssl=1&resize=525%2C300 1.5x, https:\/\/i0.wp.com\/blog.sy-sy.cz\/wp-content\/uploads\/2014\/12\/01-1-e1503569600224.jpg?fit=1038%2C721&ssl=1&resize=700%2C400 2x"},"classes":[]},{"id":38,"url":"https:\/\/blog.sy-sy.cz\/index.php\/o-nasich-postolkach\/","url_meta":{"origin":3218,"position":3},"title":"O &#8222;na\u0161ich&#8220; po\u0161tolk\u00e1ch","author":"Zuzana Syrov\u00e1 An\u00fd\u017eov\u00e1","date":"03\/11\/2014","format":false,"excerpt":"Od roku 2007 hn\u00edzd\u00ed v na\u0161\u00ed lod\u017eii, hned za okny pracovny, po\u0161tolky. V\u0161emu s nimi spojen\u00e9mu (i na\u0161im dal\u0161\u00edm zv\u00ed\u0159ec\u00edm n\u00e1jemn\u00edk\u016fm a n\u00e1v\u0161t\u011bvn\u00edk\u016fm) je v\u011bnov\u00e1n blog: O my\u0161\u00edch a po\u0161tolk\u00e1ch. Jeho zjednodu\u0161enou z\u00e1lohu v p\u0159\u00edpad\u011b v\u00fdpadku najdete zde. \u017div\u00fd p\u0159enos spolu s aktu\u00e1ln\u00edmi informacemi o pr\u016fb\u011bhu sez\u00f3ny najdete zde. Testujeme\u2026","rel":"","context":"Podobn\u00fd p\u0159\u00edsp\u011bvek","block_context":{"text":"Podobn\u00fd p\u0159\u00edsp\u011bvek","link":""},"img":{"alt_text":"","src":"https:\/\/i0.wp.com\/blog.sy-sy.cz\/wp-content\/uploads\/2014\/11\/Falco_tinnunculus_brunensis_cb-1.jpg?fit=960%2C639&ssl=1&resize=350%2C200","width":350,"height":200,"srcset":"https:\/\/i0.wp.com\/blog.sy-sy.cz\/wp-content\/uploads\/2014\/11\/Falco_tinnunculus_brunensis_cb-1.jpg?fit=960%2C639&ssl=1&resize=350%2C200 1x, https:\/\/i0.wp.com\/blog.sy-sy.cz\/wp-content\/uploads\/2014\/11\/Falco_tinnunculus_brunensis_cb-1.jpg?fit=960%2C639&ssl=1&resize=525%2C300 1.5x, https:\/\/i0.wp.com\/blog.sy-sy.cz\/wp-content\/uploads\/2014\/11\/Falco_tinnunculus_brunensis_cb-1.jpg?fit=960%2C639&ssl=1&resize=700%2C400 2x"},"classes":[]},{"id":342,"url":"https:\/\/blog.sy-sy.cz\/index.php\/o-gis-a-pagis\/publikace-o-gis-a-pagis\/","url_meta":{"origin":3218,"position":4},"title":"Publikace o&nbsp;GIS a&nbsp;PaGIS","author":"Zuzana Syrov\u00e1 An\u00fd\u017eov\u00e1","date":"29\/12\/2014","format":false,"excerpt":"SYROV\u00c1, Zuzana; SYROV\u00dd, Ji\u0159\u00ed: GIS pro SHP: Jedno\u00fa\u010delov\u00e1 po\u010d\u00edta\u010dov\u011b zpracovan\u00e1 dokumentace versus objektov\u011b orientovan\u00fd GIS | GIS f\u00fcr bauhistorische Untersuchungen. Die einem einzigen Zweck dienende computerbearbeitete Dokumentation versus objektorientiertes GIS. Svorn\u00edk, 4\/2006. ISBN 80-86562-07-7 |\u00a0 ISSN 1802-8128. PDF SYROV\u00c1, Zuzana; SYROV\u00dd, Ji\u0159\u00ed: \u00a0Stavebn\u011b - historick\u00fd pr\u016fzkum s\u00eddla a jeho zpracov\u00e1n\u00ed\u2026","rel":"","context":"Podobn\u00fd p\u0159\u00edsp\u011bvek","block_context":{"text":"Podobn\u00fd p\u0159\u00edsp\u011bvek","link":""},"img":{"alt_text":"","src":"","width":0,"height":0},"classes":[]},{"id":40,"url":"https:\/\/blog.sy-sy.cz\/index.php\/projekty-a-pruzkumy\/","url_meta":{"origin":3218,"position":5},"title":"Projekty a&nbsp;pr\u016fzkumy","author":"Zuzana Syrov\u00e1 An\u00fd\u017eov\u00e1","date":"03\/11\/2014","format":false,"excerpt":"inventariza\u010dn\u00ed pr\u016fzkumy lidov\u00e9 architektury Chr\u00e1n\u011bn\u00e9 krajinn\u00e9 oblasti Jesen\u00edky * N\u00e1rodn\u00edho parku Krkono\u0161e * N\u00e1rodn\u00edho parku Podyj\u00ed a jeho ochrann\u00e9ho p\u00e1sma * Chr\u00e1n\u011bn\u00e9 krajinn\u00e9 oblasti B\u00edl\u00e9 Karpaty pr\u016fzkumy pro projekty obnovy vesnice: MPR \u0160tramberk (NJ) * Sudom\u011b\u0159ice, Dambo\u0159ice, Petrov, N\u011bm\u010di\u010dky a Lipov (HO) * Sedlec a Hlohovec (BV) * Jarom\u011b\u0159ice, Rychnov\u2026","rel":"","context":"Podobn\u00fd p\u0159\u00edsp\u011bvek","block_context":{"text":"Podobn\u00fd p\u0159\u00edsp\u011bvek","link":""},"img":{"alt_text":"","src":"","width":0,"height":0},"classes":[]}],"jetpack_sharing_enabled":true,"_links":{"self":[{"href":"https:\/\/blog.sy-sy.cz\/index.php\/wp-json\/wp\/v2\/pages\/3218","targetHints":{"allow":["GET"]}}],"collection":[{"href":"https:\/\/blog.sy-sy.cz\/index.php\/wp-json\/wp\/v2\/pages"}],"about":[{"href":"https:\/\/blog.sy-sy.cz\/index.php\/wp-json\/wp\/v2\/types\/page"}],"author":[{"embeddable":true,"href":"https:\/\/blog.sy-sy.cz\/index.php\/wp-json\/wp\/v2\/users\/2"}],"replies":[{"embeddable":true,"href":"https:\/\/blog.sy-sy.cz\/index.php\/wp-json\/wp\/v2\/comments?post=3218"}],"version-history":[{"count":5,"href":"https:\/\/blog.sy-sy.cz\/index.php\/wp-json\/wp\/v2\/pages\/3218\/revisions"}],"predecessor-version":[{"id":3795,"href":"https:\/\/blog.sy-sy.cz\/index.php\/wp-json\/wp\/v2\/pages\/3218\/revisions\/3795"}],"up":[{"embeddable":true,"href":"https:\/\/blog.sy-sy.cz\/index.php\/wp-json\/wp\/v2\/pages\/32"}],"wp:attachment":[{"href":"https:\/\/blog.sy-sy.cz\/index.php\/wp-json\/wp\/v2\/media?parent=3218"}],"curies":[{"name":"wp","href":"https:\/\/api.w.org\/{rel}","templated":true}]}}