{"id":3362,"date":"2025-06-17T09:06:45","date_gmt":"2025-06-17T07:06:45","guid":{"rendered":"https:\/\/blog.sy-sy.cz\/?page_id=3362"},"modified":"2025-06-17T09:06:45","modified_gmt":"2025-06-17T07:06:45","slug":"terra-incognita-award-2011","status":"publish","type":"page","link":"https:\/\/blog.sy-sy.cz\/index.php\/o-nasich-pamatkach\/terra-incognita-award-2011\/","title":{"rendered":"Terra Incognita Award 2011"},"content":{"rendered":"<p>V roce 2011 se na\u0161\u00ed usedlosti \u010dp.&nbsp;171 v&nbsp;\u010cist\u00e9 dostalo d\u00edky dochovan\u00fdm hlin\u011bn\u00fdm omaz\u00e1vk\u00e1m dymn\u00e9 jizby ocen\u011bn\u00ed <strong><em>Outstanding Earthen Architecture in Europe<\/em><\/strong> (<em>V\u00fdjime\u010dn\u00e1 hlin\u011bn\u00e1 architektura v&nbsp;Evrop\u011b<\/em>) v&nbsp;r\u00e1mci projektu Terra Inkognita, kulturn\u00edho programu Evropsk\u00e9 unie, jeho\u017e c\u00edlem bylo uchov\u00e1n\u00ed, propagace a&nbsp;rozvoj hlin\u011bn\u00e9 architektury v&nbsp;Evrop\u011b.<\/p>\n<a href=\"https:\/\/blog.sy-sy.cz\/wp-content\/uploads\/2025\/06\/Terra_Incognita_Award_2011.pdf\" class=\"pdfemb-viewer\" style=\"\" data-width=\"max\" data-height=\"max\" data-toolbar=\"bottom\" data-toolbar-fixed=\"off\">Terra_Incognita_Award_2011<\/a>\n<p><a href=\"https:\/\/blog.sy-sy.cz\/wp-content\/uploads\/2025\/06\/Terra_Incognita_Award_2011.pdf\" target=\"_blank\" rel=\"noopener\">Download<\/a><\/p>\n","protected":false},"excerpt":{"rendered":"<p>V roce 2011 se na\u0161\u00ed usedlosti \u010dp.&nbsp;171 v&nbsp;\u010cist\u00e9 dostalo d\u00edky dochovan\u00fdm hlin\u011bn\u00fdm omaz\u00e1vk\u00e1m dymn\u00e9 jizby ocen\u011bn\u00ed Outstanding Earthen Architecture in Europe (V\u00fdjime\u010dn\u00e1 hlin\u011bn\u00e1 architektura v&nbsp;Evrop\u011b) v&nbsp;r\u00e1mci projektu Terra Inkognita, kulturn\u00edho [&hellip;]<\/p>\n","protected":false},"author":2,"featured_media":3361,"parent":73,"menu_order":0,"comment_status":"closed","ping_status":"closed","template":"","meta":{"jetpack_post_was_ever_published":false,"footnotes":""},"class_list":["post-3362","page","type-page","status-publish","has-post-thumbnail","hentry"],"jetpack_shortlink":"https:\/\/wp.me\/P91gAT-Se","jetpack-related-posts":[{"id":342,"url":"https:\/\/blog.sy-sy.cz\/index.php\/o-gis-a-pagis\/publikace-o-gis-a-pagis\/","url_meta":{"origin":3362,"position":0},"title":"Publikace o&nbsp;GIS a&nbsp;PaGIS","author":"Zuzana Syrov\u00e1 An\u00fd\u017eov\u00e1","date":"29\/12\/2014","format":false,"excerpt":"SYROV\u00c1, Zuzana; SYROV\u00dd, Ji\u0159\u00ed: GIS pro SHP: Jedno\u00fa\u010delov\u00e1 po\u010d\u00edta\u010dov\u011b zpracovan\u00e1 dokumentace versus objektov\u011b orientovan\u00fd GIS | GIS f\u00fcr bauhistorische Untersuchungen. Die einem einzigen Zweck dienende computerbearbeitete Dokumentation versus objektorientiertes GIS. Svorn\u00edk, 4\/2006. ISBN 80-86562-07-7 |\u00a0 ISSN 1802-8128. PDF SYROV\u00c1, Zuzana; SYROV\u00dd, Ji\u0159\u00ed: \u00a0Stavebn\u011b - historick\u00fd pr\u016fzkum s\u00eddla a jeho zpracov\u00e1n\u00ed\u2026","rel":"","context":"Podobn\u00fd p\u0159\u00edsp\u011bvek","block_context":{"text":"Podobn\u00fd p\u0159\u00edsp\u011bvek","link":""},"img":{"alt_text":"","src":"","width":0,"height":0},"classes":[]},{"id":44,"url":"https:\/\/blog.sy-sy.cz\/index.php\/o-hline\/publikace\/","url_meta":{"origin":3362,"position":1},"title":"Publikace o&nbsp;hl\u00edn\u011b","author":"Zuzana Syrov\u00e1 An\u00fd\u017eov\u00e1","date":"03\/11\/2014","format":false,"excerpt":"Syrov\u00e1, Z. & Syrov\u00fd, J. 1992. Hlin\u011bn\u00e1 architektura ve Francii. In Zpr\u00e1vy pam\u00e1tkov\u00e9 p\u00e9\u010de 1992\/52, 7: 4\u2013\u201315. Syrov\u00e1 Z., 1993, Renouveau des villages en terre en Moravie, in Comunica\u00e7\u00f5es - 7a confer\u00eancia internacional sobre o estudo e conserva\u00e7\u00e3o da architectura de terra, Lisboa, DGEMN, 237\u2013\u2013243 (PDF) Syrov\u00e1 Z. & Syrov\u00fd\u2026","rel":"","context":"Podobn\u00fd p\u0159\u00edsp\u011bvek","block_context":{"text":"Podobn\u00fd p\u0159\u00edsp\u011bvek","link":""},"img":{"alt_text":"","src":"","width":0,"height":0},"classes":[]},{"id":73,"url":"https:\/\/blog.sy-sy.cz\/index.php\/o-nasich-pamatkach\/","url_meta":{"origin":3362,"position":2},"title":"O na\u0161ich pam\u00e1tk\u00e1ch","author":"Zuzana Syrov\u00e1 An\u00fd\u017eov\u00e1","date":"04\/11\/2014","format":false,"excerpt":"Koudeln\u00edk\u016fv syn m\u011bl v Praze t\u0159i domy. My m\u00e1me dva mimo Prahu: Usedlost \u010dp. 171 v \u010cist\u00e9 u Litomy\u0161le Po demolic\u00edch po r. 1945 vlastn\u011b ji\u017e jen \u010d\u00e1st usedlosti. D\u016fm s v\u00fdjime\u010dn\u011b v \u00faplnosti dochovanou obytnou m\u00edstnost\u00ed typu st\u0159edov\u011bk\u00e9 dymn\u00e9 jizby (v\u010detn\u011b vn\u011bj\u0161\u00ed hlin\u011bn\u00e9 omaz\u00e1vky) a krovem ze stejn\u00e9 stavebn\u00ed\u2026","rel":"","context":"S 1 koment\u00e1\u0159em","block_context":{"text":"S 1 koment\u00e1\u0159em","link":"https:\/\/blog.sy-sy.cz\/index.php\/o-nasich-pamatkach\/#comments"},"img":{"alt_text":"","src":"https:\/\/i0.wp.com\/blog.sy-sy.cz\/wp-content\/uploads\/2014\/11\/005_ext_cb-1-e1503569355742.jpg?fit=1038%2C695&ssl=1&resize=350%2C200","width":350,"height":200,"srcset":"https:\/\/i0.wp.com\/blog.sy-sy.cz\/wp-content\/uploads\/2014\/11\/005_ext_cb-1-e1503569355742.jpg?fit=1038%2C695&ssl=1&resize=350%2C200 1x, https:\/\/i0.wp.com\/blog.sy-sy.cz\/wp-content\/uploads\/2014\/11\/005_ext_cb-1-e1503569355742.jpg?fit=1038%2C695&ssl=1&resize=525%2C300 1.5x, https:\/\/i0.wp.com\/blog.sy-sy.cz\/wp-content\/uploads\/2014\/11\/005_ext_cb-1-e1503569355742.jpg?fit=1038%2C695&ssl=1&resize=700%2C400 2x"},"classes":[]},{"id":338,"url":"https:\/\/blog.sy-sy.cz\/index.php\/publikace\/","url_meta":{"origin":3362,"position":3},"title":"Publikace","author":"Zuzana Syrov\u00e1 An\u00fd\u017eov\u00e1","date":"29\/12\/2014","format":false,"excerpt":"\u0160KABRADA, Ji\u0159\u00ed a\u00a0SYROV\u00c1, Zuzana.\u00a0D\u016fm \u010dp.\u00a0171 v\u00a0\u010cist\u00e9 u\u00a0Litomy\u0161le. In:\u00a0Archaeologia historica\u00a014, 1989, s. 325\u2014336.\u00a0PDF EDEL Tom\u00e1\u0161, SYROV\u00c1 Zuzana, \u0160KABRADA Ji\u0159\u00ed, Strop jizby domu \u010dp. 33 v Kun\u011bjov\u011b (okres Jind\u0159ich\u016fv Hradec). Pam\u00e1tky a p\u0159\u00edroda 16, 1991, \u010d. 3, s. 153\u2014156. PDF SYROV\u00c1, Zuzana; SYROV\u00dd, Ji\u0159\u00ed: Od posledn\u00ed (?) jizby k prvn\u00ed (?) sv\u011btnici\u2026","rel":"","context":"Podobn\u00fd p\u0159\u00edsp\u011bvek","block_context":{"text":"Podobn\u00fd p\u0159\u00edsp\u011bvek","link":""},"img":{"alt_text":"","src":"","width":0,"height":0},"classes":[]},{"id":53,"url":"https:\/\/blog.sy-sy.cz\/index.php\/o-hline\/","url_meta":{"origin":3362,"position":4},"title":"O hl\u00edn\u011b","author":"Zuzana Syrov\u00e1 An\u00fd\u017eov\u00e1","date":"03\/11\/2014","format":false,"excerpt":"Tematu architektury a konstrukc\u00ed z nep\u00e1len\u00e9 hl\u00edny se v\u011bnujeme od za\u010d\u00e1tku 80. let minul\u00e9ho stolet\u00ed. P\u0159ivedla n\u00e1s k n\u011bmu kniha V\u00e1clava Mencla Lidov\u00e1 architektura v \u010ceskoslovensku, d\u00edky n\u00ed\u017e jsme vyrazili na prvn\u00ed v\u00fdjezd do ter\u00e9nu na Slovensko, na Hont v roce 1980. Druhou kl\u00ed\u010dovou hlin\u011bnou knihou bylo Vajdi\u0161ovo a M\u00e1\u010delovo\u2026","rel":"","context":"Podobn\u00fd p\u0159\u00edsp\u011bvek","block_context":{"text":"Podobn\u00fd p\u0159\u00edsp\u011bvek","link":""},"img":{"alt_text":"","src":"https:\/\/i0.wp.com\/blog.sy-sy.cz\/wp-content\/uploads\/2014\/11\/416-01A_CB-1-e1503393034416.jpg?fit=1038%2C668&ssl=1&resize=350%2C200","width":350,"height":200,"srcset":"https:\/\/i0.wp.com\/blog.sy-sy.cz\/wp-content\/uploads\/2014\/11\/416-01A_CB-1-e1503393034416.jpg?fit=1038%2C668&ssl=1&resize=350%2C200 1x, https:\/\/i0.wp.com\/blog.sy-sy.cz\/wp-content\/uploads\/2014\/11\/416-01A_CB-1-e1503393034416.jpg?fit=1038%2C668&ssl=1&resize=525%2C300 1.5x, https:\/\/i0.wp.com\/blog.sy-sy.cz\/wp-content\/uploads\/2014\/11\/416-01A_CB-1-e1503393034416.jpg?fit=1038%2C668&ssl=1&resize=700%2C400 2x"},"classes":[]},{"id":2751,"url":"https:\/\/blog.sy-sy.cz\/index.php\/graficka-uprava-knih\/","url_meta":{"origin":3362,"position":5},"title":"Grafick\u00fd design","author":"Zuzana Syrov\u00e1 An\u00fd\u017eov\u00e1","date":"18\/07\/2021","format":false,"excerpt":"\u0160KABRADA, Ji\u0159\u00ed, Zuzana SYROV\u00c1-AN\u00dd\u017dOV\u00c1, et al. Nejstar\u0161\u00ed venkovsk\u00e9 domy ve v\u00fdchodn\u00edch \u010cech\u00e1ch. Vyd\u00e1n\u00ed prvn\u00ed. Pardubice: Univerzita Pardubice, Fakulta filozofick\u00e1; Brno: Spole\u010dnost pro obnovu vesnice a\u00a0mal\u00e9ho m\u011bsta, z. s., 2018.\u00a0512 stran. ISBN 978-80-7560-126-1 (Univerzita Pardubice), 978-80-907440-0-4 (Spole\u010dnost pro obnovu vesnice a\u00a0mal\u00e9ho m\u011bsta, z. s.). Uk\u00e1zka PDF ke sta\u017een\u00ed \u0160KABRADA, Ji\u0159\u00ed a\u00a0kol.\u2026","rel":"","context":"Podobn\u00fd p\u0159\u00edsp\u011bvek","block_context":{"text":"Podobn\u00fd p\u0159\u00edsp\u011bvek","link":""},"img":{"alt_text":"","src":"","width":0,"height":0},"classes":[]}],"jetpack_sharing_enabled":true,"_links":{"self":[{"href":"https:\/\/blog.sy-sy.cz\/index.php\/wp-json\/wp\/v2\/pages\/3362","targetHints":{"allow":["GET"]}}],"collection":[{"href":"https:\/\/blog.sy-sy.cz\/index.php\/wp-json\/wp\/v2\/pages"}],"about":[{"href":"https:\/\/blog.sy-sy.cz\/index.php\/wp-json\/wp\/v2\/types\/page"}],"author":[{"embeddable":true,"href":"https:\/\/blog.sy-sy.cz\/index.php\/wp-json\/wp\/v2\/users\/2"}],"replies":[{"embeddable":true,"href":"https:\/\/blog.sy-sy.cz\/index.php\/wp-json\/wp\/v2\/comments?post=3362"}],"version-history":[{"count":3,"href":"https:\/\/blog.sy-sy.cz\/index.php\/wp-json\/wp\/v2\/pages\/3362\/revisions"}],"predecessor-version":[{"id":3366,"href":"https:\/\/blog.sy-sy.cz\/index.php\/wp-json\/wp\/v2\/pages\/3362\/revisions\/3366"}],"up":[{"embeddable":true,"href":"https:\/\/blog.sy-sy.cz\/index.php\/wp-json\/wp\/v2\/pages\/73"}],"wp:featuredmedia":[{"embeddable":true,"href":"https:\/\/blog.sy-sy.cz\/index.php\/wp-json\/wp\/v2\/media\/3361"}],"wp:attachment":[{"href":"https:\/\/blog.sy-sy.cz\/index.php\/wp-json\/wp\/v2\/media?parent=3362"}],"curies":[{"name":"wp","href":"https:\/\/api.w.org\/{rel}","templated":true}]}}

<p>V roce 2011 se naší usedlosti čp.&nbsp;171 v&nbsp;Čisté dostalo díky dochovaným hliněným omazávkám dymné jizby ocenění <strong><em>Outstanding Earthen Architecture in Europe</em></strong> (<em>Výjimečná hliněná architektura v&nbsp;Evropě</em>) v&nbsp;rámci projektu Terra Inkognita, kulturního programu Evropské unie, jehož cílem bylo uchování, propagace a&nbsp;rozvoj hliněné architektury v&nbsp;Evropě.</p>
<a href="https://blog.sy-sy.cz/wp-content/uploads/2025/06/Terra_Incognita_Award_2011.pdf" class="pdfemb-viewer" style="" data-width="max" data-height="max" data-toolbar="bottom" data-toolbar-fixed="off">Terra_Incognita_Award_2011</a>
<p><a href="https://blog.sy-sy.cz/wp-content/uploads/2025/06/Terra_Incognita_Award_2011.pdf" target="_blank" rel="noopener">Download</a></p>

<p>V roce 2011 se naší usedlosti čp.&nbsp;171 v&nbsp;Čisté dostalo díky dochovaným hliněným omazávkám dymné jizby ocenění Outstanding Earthen Architecture in Europe (Výjimečná hliněná architektura v&nbsp;Evropě) v&nbsp;rámci projektu Terra Inkognita, kulturního [&hellip;]</p>

Zuzana Syrová Anýžová

SYROVÁ, Zuzana; SYROVÝ, Jiří: GIS pro SHP: Jednoúčelová počítačově zpracovaná dokumentace versus objektově orientovaný GIS | GIS für bauhistorische Untersuchungen. Die einem einzigen Zweck dienende computerbearbeitete Dokumentation versus objektorientiertes GIS. Svorník, 4/2006. ISBN 80-86562-07-7 |  ISSN 1802-8128. PDF SYROVÁ, Zuzana; SYROVÝ, Jiří:  Stavebně - historický průzkum sídla a jeho zpracování…

Podobný příspěvek

Publikace o&nbsp;hlíně

Syrová, Z. & Syrový, J. 1992. Hliněná architektura ve Francii. In Zprávy památkové péče 1992/52, 7: 4––15. Syrová Z., 1993, Renouveau des villages en terre en Moravie, in Comunicações - 7a conferência internacional sobre o estudo e conservação da architectura de terra, Lisboa, DGEMN, 237––243 (PDF) Syrová Z. & Syrový…

O našich památkách

Koudelníkův syn měl v Praze tři domy. My máme dva mimo Prahu: Usedlost čp. 171 v Čisté u Litomyšle Po demolicích po r. 1945 vlastně již jen část usedlosti. Dům s výjimečně v úplnosti dochovanou obytnou místností typu středověké dymné jizby (včetně vnější hliněné omazávky) a krovem ze stejné stavební…

S 1 komentářem

ŠKABRADA, Jiří a SYROVÁ, Zuzana. Dům čp. 171 v Čisté u Litomyšle. In: Archaeologia historica 14, 1989, s. 325—336. PDF EDEL Tomáš, SYROVÁ Zuzana, ŠKABRADA Jiří, Strop jizby domu čp. 33 v Kunějově (okres Jindřichův Hradec). Památky a příroda 16, 1991, č. 3, s. 153—156. PDF SYROVÁ, Zuzana; SYROVÝ, Jiří: Od poslední (?) jizby k první (?) světnici…

O hlíně

Tematu architektury a konstrukcí z nepálené hlíny se věnujeme od začátku 80. let minulého století. Přivedla nás k němu kniha Václava Mencla Lidová architektura v Československu, díky níž jsme vyrazili na první výjezd do terénu na Slovensko, na Hont v roce 1980. Druhou klíčovou hliněnou knihou bylo Vajdišovo a Máčelovo…

Grafický design

ŠKABRADA, Jiří, Zuzana SYROVÁ-ANÝŽOVÁ, et al. Nejstarší venkovské domy ve východních Čechách. Vydání první. Pardubice: Univerzita Pardubice, Fakulta filozofická; Brno: Společnost pro obnovu vesnice a malého města, z. s., 2018. 512 stran. ISBN 978-80-7560-126-1 (Univerzita Pardubice), 978-80-907440-0-4 (Společnost pro obnovu vesnice a malého města, z. s.). Ukázka PDF ke stažení ŠKABRADA, Jiří a kol.…
