{"id":40,"date":"2014-11-03T22:49:45","date_gmt":"2014-11-03T20:49:45","guid":{"rendered":"http:\/\/sy-sy.synology.me\/wordpress\/?page_id=40"},"modified":"2026-03-16T09:45:31","modified_gmt":"2026-03-16T08:45:31","slug":"projekty-a-pruzkumy","status":"publish","type":"page","link":"https:\/\/blog.sy-sy.cz\/index.php\/projekty-a-pruzkumy\/","title":{"rendered":"Projekty a&nbsp;pr\u016fzkumy"},"content":{"rendered":"<ul>\n<li><strong>inventariza\u010dn\u00ed pr\u016fzkumy lidov\u00e9 architektury<\/strong> Chr\u00e1n\u011bn\u00e9 krajinn\u00e9 oblasti Jesen\u00edky * N\u00e1rodn\u00edho parku Krkono\u0161e * <a href=\"https:\/\/blog.sy-sy.cz\/index.php\/o-nas\/projekty-a-pruzkumy\/stavebne-historicky-a-urbanisticko-historicky-vyzkum-np-podyji-a-jeho-op\/\">N\u00e1rodn\u00edho parku Podyj\u00ed a&nbsp;jeho ochrann\u00e9ho p\u00e1sma<\/a> * <a href=\"https:\/\/blog.sy-sy.cz\/wp-content\/uploads\/2026\/03\/BKARPATY.pdf\" target=\"_blank\" rel=\"noopener\">Chr\u00e1n\u011bn\u00e9 krajinn\u00e9 oblasti B\u00edl\u00e9 Karpaty<\/a><\/li>\n<li><strong>pr\u016fzkumy pro projekty obnovy vesnice: <\/strong>MPR \u0160tramberk (NJ) * Sudom\u011b\u0159ice, Dambo\u0159ice, Petrov, N\u011bm\u010di\u010dky a&nbsp;Lipov (HO) * Sedlec a&nbsp;Hlohovec (BV) * Jarom\u011b\u0159ice, Rychnov na Morav\u011b a&nbsp;Biskupice (SY)<\/li>\n<li><strong>s\u00eddeln\u011b historick\u00e9 pr\u016fzkumy:<\/strong> MPZ Uhersk\u00e9 Hradi\u0161t\u011b (\u010d\u00e1st I. s&nbsp;J. O. Eli\u00e1\u0161em) * MPZ Slavkov u&nbsp;Brna (s&nbsp;J.O.Eli\u00e1\u0161em) * <a href=\"https:\/\/blog.sy-sy.cz\/index.php\/o-nas\/projekty-a-pruzkumy\/shp-uhersky-ostroh\/\" target=\"_blank\" rel=\"noopener noreferrer\">MPZ Uhersk\u00fd Ostroh<\/a> (s&nbsp;J.O.Eli\u00e1\u0161em) * <a href=\"https:\/\/blog.sy-sy.cz\/index.php\/o-nas\/projekty-a-pruzkumy\/shp-lysovice\/\">VPZ Lysovice<\/a> (s&nbsp;J.O.Eli\u00e1\u0161em) * MPZ Uhersk\u00e9 Hradi\u0161t\u011b (\u010d\u00e1st II.) * OP MPZ Uhersk\u00e9 Hradi\u0161t\u011b * OP MPZ \u0160umperk * <a href=\"https:\/\/blog.sy-sy.cz\/index.php\/o-nas\/projekty-a-pruzkumy\/shp-maratice\/\">Ma\u0159atice (UH)<\/a><\/li>\n<li><strong>stavebn\u011b historick\u00e9 pr\u016fzkumy: <\/strong><a href=\"https:\/\/blog.sy-sy.cz\/wp-content\/uploads\/2025\/01\/nprerov-43.pdf\" target=\"_blank\" rel=\"noopener\">Nov\u00fd P\u0159erov \u010dp.&nbsp;43<\/a> * b\u00fdv. svobodn\u00fd dv\u016fr \u010dp.&nbsp;49 v&nbsp;Hronov\u011b (<a href=\"http:\/\/sovamm.cz\/PDFs\/SySy\/Hronov\/SHP.PDF#pagemode=bookmarks&amp;page=1\" target=\"_blank\" rel=\"noopener noreferrer\">verze 10\/1998<\/a>, <a href=\"https:\/\/sovamm.cz\/PDFs\/SySy\/Hronov\/SHP_dopl.pdf#pagemode=bookmarks&amp;page=1\" target=\"_blank\" rel=\"noopener noreferrer\">aktualizace 03\/1999<\/a>)*<\/li>\n<li><strong>urbanistick\u00e9 studie:<\/strong> Brno &#8211; Slatina (historick\u00e9 j\u00e1dro) * Brno &#8211; L\u00ed\u0161e\u0148, Brno -Brn\u011bnsk\u00e9 Ivanovice a&nbsp;Tu\u0159any, Brno &#8211; \u0158e\u010dkovice * Vala\u0161sk\u00e9 Klobouky<\/li>\n<li><strong>\u00fazemn\u00ed pl\u00e1ny: <\/strong>\u0160atov * Konice u&nbsp;Znojma * Popice * Me\u0161ovice * Uher\u010dice<\/li>\n<li><strong>regula\u010dn\u00ed pl\u00e1ny:<\/strong> MPZ \u0160umperk * MPZ T\u0159eb\u00ed\u010d &#8211; Podkl\u00e1\u0161te\u0159\u00ed * <a href=\"https:\/\/blog.sy-sy.cz\/index.php\/o-nas\/projekty-a-pruzkumy\/hnanice-sklepni-ulice\/\">Sklepn\u00ed ulice v&nbsp;Hnanic\u00edch<\/a> * Popice<\/li>\n<li><strong>pl\u00e1ny z\u00e1sad ochrany: <\/strong>MPZ T\u0159eb\u00ed\u010d<\/li>\n<li><strong>projekty obnovy: <\/strong>brn\u011bnsk\u00e1 elektr\u00e1rna<strong> * <\/strong>letohr\u00e1dek v&nbsp;\u010c\u00ed\u017eov\u011b (ZN) * And\u011blsk\u00fd ml\u00fdn v&nbsp;Ma\u0161ovic\u00edch (ZN)<\/li>\n<\/ul>\n<h3>Projekty SOVAMM:<\/h3>\n<ul>\n<li><a href=\"https:\/\/sovamm.wordpress.com\/projekty\/atlas-lidove-architektury\/\" target=\"_blank\" rel=\"noopener noreferrer\">Atlas lidov\u00e9 architektury (1994-1996, GA0\/GA)<\/a><\/li>\n<li><a href=\"https:\/\/sovamm.wordpress.com\/projekty\/stavebne-historicky-a-urbanisticko-historicky-vyzkum-np-podyji-a-jeho-op\/\" target=\"_blank\" rel=\"noopener noreferrer\">Stavebn\u011b historick\u00fd a&nbsp;urbanisticko historick\u00fd v\u00fdzkum NP Podyj\u00ed a&nbsp;jeho OP &#8211; modelov\u00fd p\u0159\u00edklad GIS a&nbsp;syst\u00e9mu urbanistick\u00e9 stability (1996-1997, MK0\/PK)<\/a><\/li>\n<li>Hlin\u011bn\u00e1 architektura, budoucnost tis\u00edcilet\u00e9 tradice (1997-1998, MK)<\/li>\n<li><a href=\"https:\/\/sovamm.wordpress.com\/projekty\/atlas-lidove-architektury\/\" target=\"_blank\" rel=\"noopener noreferrer\">Atlas lidov\u00e9 architektury \u010cesk\u00e9 republiky (1999-2001, MK0\/PK)<\/a><\/li>\n<li><a href=\"https:\/\/sovamm.wordpress.com\/projekty\/litomyslsko-vysokomytsko\/\" target=\"_blank\" rel=\"noopener noreferrer\">Litomy\u0161lsko, Vysokom\u00fdtsko, soupis st\u00e1vaj\u00edc\u00edch architektonick\u00fdch a&nbsp;urbanistick\u00fdch hodnot, ve\u0161ker\u00e9 dokumentace a&nbsp;pramen\u016f, prezentace formou GIS. (1999-2002, MK0\/PK)<\/a><\/li>\n<li><a href=\"http:\/\/sovamm.cz\/wordpress\/sovpis\/\" target=\"_blank\" rel=\"noopener noreferrer\">SOVPIS &#8211; Prostorov\u00fd informa\u010dn\u00ed syst\u00e9m vernakul\u00e1rn\u00ed architektury a\u00a0s\u00eddel<\/a><\/li>\n<\/ul>\n<h3>Projekty EAG v&nbsp;Grenoblu:<\/h3>\n<ul>\n<li>Pr\u016fzkum Val d&#8217;Abondance v&nbsp;Savojsku pro projekt Interreg II<\/li>\n<li>Inventariza\u010dn\u00ed pr\u016fzkum Jarrier v&nbsp;Savojsku pro v\u00fdzkum paraseismick\u00fdch jev\u016f ve vernakul\u00e1rn\u00ed architektu\u0159e v&nbsp;programu TAVERSISM<\/li>\n<\/ul>\n<h3>Ostatn\u00ed:<\/h3>\n<ul>\n<li>Tradi\u010dn\u00ed techniky lidov\u00e9ho stavitelstv\u00ed a&nbsp;mo\u017enosti jejich interpretace z&nbsp;hlediska archeologie v&nbsp;r\u00e1mci projektu Archaia Brno o.p.s. Prom\u011bna m\u011bstsk\u00e9ho domu ve 13.&nbsp;stolet\u00ed (Brno-Praha-Wroclaw) (GA \u010cR 17-23836S)<\/li>\n<\/ul>\n<p>&nbsp;<\/p>\n<p>Aktualizov\u00e1no <span class=\"last-modified-timestamp\">16\/03\/2026 09:45<\/span><\/p>\n","protected":false},"excerpt":{"rendered":"<p>inventariza\u010dn\u00ed pr\u016fzkumy lidov\u00e9 architektury Chr\u00e1n\u011bn\u00e9 krajinn\u00e9 oblasti Jesen\u00edky * N\u00e1rodn\u00edho parku Krkono\u0161e * N\u00e1rodn\u00edho parku Podyj\u00ed a&nbsp;jeho ochrann\u00e9ho p\u00e1sma * Chr\u00e1n\u011bn\u00e9 krajinn\u00e9 oblasti B\u00edl\u00e9 Karpaty pr\u016fzkumy pro projekty obnovy vesnice: [&hellip;]<\/p>\n","protected":false},"author":2,"featured_media":0,"parent":0,"menu_order":5,"comment_status":"closed","ping_status":"closed","template":"","meta":{"jetpack_post_was_ever_published":false,"footnotes":""},"class_list":["post-40","page","type-page","status-publish","hentry"],"jetpack_shortlink":"https:\/\/wp.me\/P91gAT-E","jetpack-related-posts":[{"id":2681,"url":"https:\/\/blog.sy-sy.cz\/index.php\/projekty-a-pruzkumy\/shp-uhersky-ostroh\/","url_meta":{"origin":40,"position":0},"title":"SHP Uhersk\u00fd Ostroh","author":"Zuzana Syrov\u00e1 An\u00fd\u017eov\u00e1","date":"15\/07\/2020","format":false,"excerpt":"Uhersk\u00fd Ostroh (Uhersk\u00e9 Hradi\u0161t\u011b), s\u00eddeln\u011b historick\u00fd pr\u016fzkum MPZ a p\u0159edm\u011bstsk\u00fdch \u010d\u00e1st\u00ed 1993 \/ (s Janem O. Eli\u00e1\u0161em) \/ investor: MU Uhersk\u00fd Ostroh Textov\u00e1 \u010d\u00e1st sv. I (Obsah \/ \u00davodn\u00ed pozn\u00e1mka \/ P\u0159ehled stavebn\u011b historick\u00e9ho a architektonick\u00e9ho v\u00fdvoje \/ Mapy a pl\u00e1ny \/ Literatura \/ Historick\u00e1 pl\u00e1nov\u00e1 dokumentace (stavebn\u00ed pl\u00e1ny)) Textov\u00e1\u2026","rel":"","context":"Podobn\u00fd p\u0159\u00edsp\u011bvek","block_context":{"text":"Podobn\u00fd p\u0159\u00edsp\u011bvek","link":""},"img":{"alt_text":"","src":"https:\/\/i0.wp.com\/blog.sy-sy.cz\/wp-content\/uploads\/2020\/07\/0008345-300x201.jpg?resize=350%2C200&ssl=1","width":350,"height":200},"classes":[]},{"id":795,"url":"https:\/\/blog.sy-sy.cz\/index.php\/projekty-a-pruzkumy\/shp-lysovice\/","url_meta":{"origin":40,"position":1},"title":"SHP Lysovice","author":"Zuzana Syrov\u00e1 An\u00fd\u017eov\u00e1","date":"04\/09\/2016","format":false,"excerpt":"Lysovice (Vy\u0161kov), s\u00eddeln\u011b historick\u00fd pr\u016fzkum 1997 \/ (s Janem O. Eli\u00e1\u0161em) \/ investor: OkU Vy\u0161kov * P\u0159eveden\u00ed ti\u0161t\u011bn\u00e9 podoby SHP do dokument\u016f PDF a GIS ArcView \/ ArcExplorer 2000 Tituln\u00ed strana Textov\u00e1 \u010d\u00e1st Katalog objekt\u016f Obrazov\u00e9 p\u0159\u00edlohy Grafick\u00e1 \u010d\u00e1st * GIS data dostupn\u00e1 na CD N150SYSY2000 SYROV\u00c1, Zuzana; SYROV\u00dd, Ji\u0159\u00ed:\u2026","rel":"","context":"S 1 koment\u00e1\u0159em","block_context":{"text":"S 1 koment\u00e1\u0159em","link":"https:\/\/blog.sy-sy.cz\/index.php\/projekty-a-pruzkumy\/shp-lysovice\/#comments"},"img":{"alt_text":"LEYD06_","src":"https:\/\/i0.wp.com\/blog.sy-sy.cz\/wp-content\/uploads\/2016\/09\/LEYD06_-1-300x202.jpg?resize=350%2C200&ssl=1","width":350,"height":200},"classes":[]},{"id":807,"url":"https:\/\/blog.sy-sy.cz\/index.php\/projekty-a-pruzkumy\/hnanice-sklepni-ulice\/","url_meta":{"origin":40,"position":2},"title":"Hnanice &#8211; sklepn\u00ed ulice","author":"Zuzana Syrov\u00e1 An\u00fd\u017eov\u00e1","date":"04\/09\/2016","format":false,"excerpt":"Hnanice (Znojmo), obnova sklepn\u00ed ulice 2000 \/ investor: OU Hnanice Obsah Textov\u00e1 \u010d\u00e1st Katalog objekt\u016f Ji\u017en\u00ed \u010d\u00e1st sklepn\u00ed ulice Severn\u00ed \u010d\u00e1st sklepn\u00ed ulice Legenda Obrazov\u00e1 p\u0159\u00edloha Grafick\u00e1 \u010d\u00e1st * GIS data dostupn\u00e1 na CD N142SYSY2000","rel":"","context":"S 1 koment\u00e1\u0159em","block_context":{"text":"S 1 koment\u00e1\u0159em","link":"https:\/\/blog.sy-sy.cz\/index.php\/projekty-a-pruzkumy\/hnanice-sklepni-ulice\/#comments"},"img":{"alt_text":"hnanice523-27","src":"https:\/\/i0.wp.com\/blog.sy-sy.cz\/wp-content\/uploads\/2016\/09\/hnanice523-27-1-300x200.jpg?resize=350%2C200&ssl=1","width":350,"height":200},"classes":[]},{"id":784,"url":"https:\/\/blog.sy-sy.cz\/index.php\/projekty-a-pruzkumy\/shp-maratice\/","url_meta":{"origin":40,"position":3},"title":"SHP Ma\u0159atice","author":"Zuzana Syrov\u00e1 An\u00fd\u017eov\u00e1","date":"04\/09\/2016","format":false,"excerpt":"Ma\u0159atice (Uhersk\u00e9 Hradi\u0161t\u011b), s\u00eddeln\u011b historick\u00fd pr\u016fzkum 1994 \/ investor: M\u011bsto Uhersk\u00e9 Hradi\u0161t\u011b * P\u0159eveden\u00ed ti\u0161t\u011bn\u00e9 podoby SHP do dokument\u016f PDF a GIS ArcView \/ ArcExplorer 2000 Textov\u00e1 a grafick\u00e1 \u010d\u00e1st pr\u016fzkumu Mapov\u00fd projekt na str\u00e1nk\u00e1ch m\u011bsta Uhersk\u00e9 Hradi\u0161t\u011b GIS data dostupn\u00e1 na CD N2016SYSY2000","rel":"","context":"Podobn\u00fd p\u0159\u00edsp\u011bvek","block_context":{"text":"Podobn\u00fd p\u0159\u00edsp\u011bvek","link":""},"img":{"alt_text":"maratice_obsah_CD_Str\u00e1nka_1","src":"https:\/\/i0.wp.com\/blog.sy-sy.cz\/wp-content\/uploads\/2016\/09\/maratice_obsah_CD_Str%C3%A1nka_1-1-300x297.jpg?resize=350%2C200&ssl=1","width":350,"height":200},"classes":[]},{"id":32,"url":"https:\/\/blog.sy-sy.cz\/index.php\/o-nas\/","url_meta":{"origin":40,"position":4},"title":"O n\u00e1s","author":"Zuzana Syrov\u00e1 An\u00fd\u017eov\u00e1","date":"03\/11\/2014","format":false,"excerpt":"Specializujeme se na \u00fazemn\u00ed a regula\u010dn\u00ed pl\u00e1ny, stavebn\u011b historick\u00e9 pr\u016fzkumy a souvisej\u00edc\u00ed projekty obnovy, stavebn\u011b historick\u00e9 a inventariza\u010dn\u00ed pr\u016fzkumy s\u00eddel a \u00fazem\u00ed, GIS. Syrov\u00fd a Syrov\u00e1, architekti v datech: 1980 - za\u010d\u00e1tek spolupr\u00e1ce (sout\u011b\u017ee, pr\u016fzkumy lidov\u00e9 \/ vernakul\u00e1rn\u00ed architektury) 1990 - zalo\u017een\u00ed architektonick\u00e9 kancel\u00e1\u0159e 1994 - za\u010d\u00e1tek v\u00fdvoje GIS pro\u2026","rel":"","context":"Podobn\u00fd p\u0159\u00edsp\u011bvek","block_context":{"text":"Podobn\u00fd p\u0159\u00edsp\u011bvek","link":""},"img":{"alt_text":"","src":"https:\/\/i0.wp.com\/blog.sy-sy.cz\/wp-content\/uploads\/2019\/01\/Addiss_19910411_02oBW-e1546423847515.jpg?fit=1038%2C766&ssl=1&resize=350%2C200","width":350,"height":200,"srcset":"https:\/\/i0.wp.com\/blog.sy-sy.cz\/wp-content\/uploads\/2019\/01\/Addiss_19910411_02oBW-e1546423847515.jpg?fit=1038%2C766&ssl=1&resize=350%2C200 1x, https:\/\/i0.wp.com\/blog.sy-sy.cz\/wp-content\/uploads\/2019\/01\/Addiss_19910411_02oBW-e1546423847515.jpg?fit=1038%2C766&ssl=1&resize=525%2C300 1.5x, https:\/\/i0.wp.com\/blog.sy-sy.cz\/wp-content\/uploads\/2019\/01\/Addiss_19910411_02oBW-e1546423847515.jpg?fit=1038%2C766&ssl=1&resize=700%2C400 2x"},"classes":[]},{"id":451,"url":"https:\/\/blog.sy-sy.cz\/index.php\/projekty-a-pruzkumy\/stavebne-historicky-a-urbanisticko-historicky-vyzkum-np-podyji-a-jeho-op\/","url_meta":{"origin":40,"position":5},"title":"Stavebn\u011b historick\u00fd a&nbsp;urbanisticko historick\u00fd v\u00fdzkum NP Podyj\u00ed a&nbsp;jeho OP","author":"Zuzana Syrov\u00e1 An\u00fd\u017eov\u00e1","date":"08\/02\/2015","format":false,"excerpt":"Projekt SOVAMM Stavebn\u011b historick\u00fd a urbanisticko historick\u00fd v\u00fdzkum NP Podyj\u00ed a jeho OP \u2013 modelov\u00fd p\u0159\u00edklad GIS a syst\u00e9mu urbanistick\u00e9 stability (1996-1997, MK0\/PK): Prezentace projektu - zpracov\u00e1n\u00ed s\u00eddla (p\u0159\u00edklad Popice)\u00a0 (version FR) Popice - katalog objekt\u016f Prezentace projektu - zpracov\u00e1n\u00ed SHP objektu (p\u0159\u00edklad Lusthaus, \u010c\u00ed\u017eov)","rel":"","context":"Podobn\u00fd p\u0159\u00edsp\u011bvek","block_context":{"text":"Podobn\u00fd p\u0159\u00edsp\u011bvek","link":""},"img":{"alt_text":"","src":"https:\/\/i0.wp.com\/blog.sy-sy.cz\/wp-content\/uploads\/2015\/02\/POPICE19-1.jpg?fit=672%2C408&ssl=1&resize=350%2C200","width":350,"height":200,"srcset":"https:\/\/i0.wp.com\/blog.sy-sy.cz\/wp-content\/uploads\/2015\/02\/POPICE19-1.jpg?fit=672%2C408&ssl=1&resize=350%2C200 1x, https:\/\/i0.wp.com\/blog.sy-sy.cz\/wp-content\/uploads\/2015\/02\/POPICE19-1.jpg?fit=672%2C408&ssl=1&resize=525%2C300 1.5x"},"classes":[]}],"jetpack_sharing_enabled":true,"_links":{"self":[{"href":"https:\/\/blog.sy-sy.cz\/index.php\/wp-json\/wp\/v2\/pages\/40","targetHints":{"allow":["GET"]}}],"collection":[{"href":"https:\/\/blog.sy-sy.cz\/index.php\/wp-json\/wp\/v2\/pages"}],"about":[{"href":"https:\/\/blog.sy-sy.cz\/index.php\/wp-json\/wp\/v2\/types\/page"}],"author":[{"embeddable":true,"href":"https:\/\/blog.sy-sy.cz\/index.php\/wp-json\/wp\/v2\/users\/2"}],"replies":[{"embeddable":true,"href":"https:\/\/blog.sy-sy.cz\/index.php\/wp-json\/wp\/v2\/comments?post=40"}],"version-history":[{"count":4,"href":"https:\/\/blog.sy-sy.cz\/index.php\/wp-json\/wp\/v2\/pages\/40\/revisions"}],"predecessor-version":[{"id":3782,"href":"https:\/\/blog.sy-sy.cz\/index.php\/wp-json\/wp\/v2\/pages\/40\/revisions\/3782"}],"wp:attachment":[{"href":"https:\/\/blog.sy-sy.cz\/index.php\/wp-json\/wp\/v2\/media?parent=40"}],"curies":[{"name":"wp","href":"https:\/\/api.w.org\/{rel}","templated":true}]}}