{"id":892,"date":"2016-12-10T10:12:34","date_gmt":"2016-12-10T09:12:34","guid":{"rendered":"http:\/\/sy-sy.synology.me\/?post_type=tribe_events&amp;p=892"},"modified":"2016-12-10T10:12:34","modified_gmt":"2016-12-10T09:12:34","slug":"sostierra-2017","status":"publish","type":"tribe_events","link":"https:\/\/blog.sy-sy.cz\/index.php\/event\/sostierra-2017\/","title":{"rendered":"SOStierra 2017"},"content":{"rendered":"<p>SOStierra2017, Mezin\u00e1rodn\u00ed konference na tema hlin\u011bn\u00e9 vernakul\u00e1rn\u00ed architektury, jej\u00ed ochrany a&nbsp;udr\u017eitelnosti, je organizov\u00e1na v&nbsp;r\u00e1mci projektu SOStierra: &#8222;<em>Rekonstrukce a&nbsp;rehabilitace tradi\u010dn\u00ed hlin\u011bn\u00e9 architektury na Pyrenejsk\u00e9m poloostrov\u011b. Pokyny a&nbsp;n\u00e1stroje pro udr\u017eiteln\u00e9 intervence<\/em> &#8222;(Ref .: BIA2014-55924-R), financovan\u00e9ho \u0161pan\u011blsk\u00fdm ministerstvem hospod\u00e1\u0159stv\u00ed a&nbsp;konkurenceschopnosti.<!--more--><\/p>\n<p>Konference se bude konat ve dnech 14., 15.&nbsp;a&nbsp;16.&nbsp;z\u00e1\u0159\u00ed 2017 na Vysok\u00e9 \u0161kole architektury polytechnick\u00e9 univerzity de Valencii. Pod hlavi\u010dkou SOStierra2017 se z\u00e1rov\u011b\u0148 konaj\u00ed konference ResTAPIA 2017 (t\u0159et\u00ed konference o&nbsp;ochran\u011b konstrukc\u00ed z&nbsp;dusan\u00e9 hl\u00edny) a&nbsp;VerSus 2017&nbsp;2017 (3.&nbsp;konference o&nbsp;pou\u010den\u00ed z&nbsp;d\u011bdictv\u00ed vernakul\u00e1rn\u00edho pro udr\u017eitelnou architekturu).<\/p>\n","protected":false},"excerpt":{"rendered":"<p>Mezin\u00e1rodn\u00ed konference na tema hlin\u011bn\u00e9 vernakul\u00e1rn\u00ed architektury, jej\u00ed ochrany a&nbsp;udr\u017eitelnosti. Je organizov\u00e1na v&nbsp;r\u00e1mci projektu SOStierra: &#8222;Rekonstrukce a&nbsp;rehabilitace tradi\u010dn\u00ed hlin\u011bn\u00e9 architektury na Pyrenejsk\u00e9m poloostrov\u011b. Pokyny a&nbsp;n\u00e1stroje pro udr\u017eiteln\u00e9 intervence &#8222;(<\/p>\n","protected":false},"author":2,"featured_media":896,"template":"","meta":{"jetpack_post_was_ever_published":false,"_tribe_events_status":"","_tribe_events_status_reason":"","footnotes":""},"tags":[],"tribe_events_cat":[30,34],"class_list":["post-892","tribe_events","type-tribe_events","status-publish","has-post-thumbnail","hentry","tribe_events_cat-hlinena-architektura-a-konstrukce","tribe_events_cat-vernakularni-architektura","cat_hlinena-architektura-a-konstrukce","cat_vernakularni-architektura"],"jetpack_sharing_enabled":true,"_links":{"self":[{"href":"https:\/\/blog.sy-sy.cz\/index.php\/wp-json\/wp\/v2\/tribe_events\/892","targetHints":{"allow":["GET"]}}],"collection":[{"href":"https:\/\/blog.sy-sy.cz\/index.php\/wp-json\/wp\/v2\/tribe_events"}],"about":[{"href":"https:\/\/blog.sy-sy.cz\/index.php\/wp-json\/wp\/v2\/types\/tribe_events"}],"author":[{"embeddable":true,"href":"https:\/\/blog.sy-sy.cz\/index.php\/wp-json\/wp\/v2\/users\/2"}],"version-history":[{"count":0,"href":"https:\/\/blog.sy-sy.cz\/index.php\/wp-json\/wp\/v2\/tribe_events\/892\/revisions"}],"wp:featuredmedia":[{"embeddable":true,"href":"https:\/\/blog.sy-sy.cz\/index.php\/wp-json\/wp\/v2\/media\/896"}],"wp:attachment":[{"href":"https:\/\/blog.sy-sy.cz\/index.php\/wp-json\/wp\/v2\/media?parent=892"}],"wp:term":[{"taxonomy":"post_tag","embeddable":true,"href":"https:\/\/blog.sy-sy.cz\/index.php\/wp-json\/wp\/v2\/tags?post=892"},{"taxonomy":"tribe_events_cat","embeddable":true,"href":"https:\/\/blog.sy-sy.cz\/index.php\/wp-json\/wp\/v2\/tribe_events_cat?post=892"}],"curies":[{"name":"wp","href":"https:\/\/api.w.org\/{rel}","templated":true}]}}

<p>SOStierra2017, Mezinárodní konference na tema hliněné vernakulární architektury, její ochrany a&nbsp;udržitelnosti, je organizována v&nbsp;rámci projektu SOStierra: &#8222;<em>Rekonstrukce a&nbsp;rehabilitace tradiční hliněné architektury na Pyrenejském poloostrově. Pokyny a&nbsp;nástroje pro udržitelné intervence</em> &#8222;(Ref .: BIA2014-55924-R), financovaného španělským ministerstvem hospodářství a&nbsp;konkurenceschopnosti.<!--more--></p>
<p>Konference se bude konat ve dnech 14., 15.&nbsp;a&nbsp;16.&nbsp;září 2017 na Vysoké škole architektury polytechnické univerzity de Valencii. Pod hlavičkou SOStierra2017 se zárověň konají konference ResTAPIA 2017 (třetí konference o&nbsp;ochraně konstrukcí z&nbsp;dusané hlíny) a&nbsp;VerSus 2017&nbsp;2017 (3.&nbsp;konference o&nbsp;poučení z&nbsp;dědictví vernakulárního pro udržitelnou architekturu).</p>

<p>Mezinárodní konference na tema hliněné vernakulární architektury, její ochrany a&nbsp;udržitelnosti. Je organizována v&nbsp;rámci projektu SOStierra: &#8222;Rekonstrukce a&nbsp;rehabilitace tradiční hliněné architektury na Pyrenejském poloostrově. Pokyny a&nbsp;nástroje pro udržitelné intervence &#8222;(</p>
